{"id":274,"date":"2019-07-22T13:09:18","date_gmt":"2019-07-22T13:09:18","guid":{"rendered":"https:\/\/blog.yoopies.de\/ratgeber-fuer-eltern-rund-um-kinderbetreuung\/kinderbetreuung-in-den-sommerferien\/"},"modified":"2025-06-12T08:42:37","modified_gmt":"2025-06-12T08:42:37","slug":"kinderbetreuung-in-den-sommerferien","status":"publish","type":"page","link":"https:\/\/yoopies.de\/c\/ratgeber-fuer-eltern-rund-um-kinderbetreuung\/kinderbetreuung-in-den-sommerferien\/","title":{"rendered":"Sommerferien: Wie finde ich eine Betreuung f\u00fcr mein Kind?"},"content":{"rendered":"<figure><img decoding=\"async\" src=\"https:\/\/yoopies.de\/c\/wp-content\/uploads\/sites\/5\/2019\/07\/9cd79bde695f93331f5947ec8fd5f30af7f8eeb1-water-fight-children-water-play-51349.jpg\" \/><figcaption>Bild \u00a9 Pixabay<\/figcaption><\/figure>\n<p><p>Berufst&auml;tige Eltern von Grundsch&uuml;lern stehen in den Sommerferien vor der gro&szlig;en Herausforderung, eine Betreuung f&uuml;r ihr Kind zu finden. Wer Gl&uuml;ck hat, kann auf die Gro&szlig;eltern zur&uuml;ckgreifen, wenn diese nicht mehr arbeiten oder f&uuml;r diese Zeit extra in Urlaub gehen. Gibt es diese Option nicht, planen einige Eltern ihre Urlaubszeiten so, dass sie versetzt frei nehmen, dadurch aber keinen gemeinsamen Urlaub haben und nicht zusammen verreisen k&ouml;nnen. Wir stellen dir in diesem Beitrag die M&ouml;glichkeiten vor, wie du f&uuml;r die Sommerferien eine alternative Betreuung f&uuml;r dein Kind finden kannst.<\/p>\n<\/p>\n<p class=\"highlighted\">\n<p>Sch&uuml;lerfreizeiten, Ferienlager oder Pfadfinder f&uuml;r die Kinderbetreuung im Sommer<\/p>\n<\/p>\n<p><p>Oftmals organisieren vor allem christliche Tr&auml;ger Sch&uuml;lerfreizeiten, an denen auch schon Grundsch&uuml;ler teilnehmen k&ouml;nnen. Die kostenpflichtigen Ferienbetreuungen dauern je nach Alter des Kindes etwa 1 bis 2 Wochen und werden von professionellen Betreuern geleitet. Vielerorts werden Themenreisen angeboten wie Sprachreisen, Abenteuerreisen oder Reisen ans Meer. F&uuml;r die Kinder sind diese Freizeiten ein besonderes Highlight, da sie unter ihresgleichen sind und ohne Mama und Papa zu verreisen, in diesem Alter richtig cool ist. Veranstalter dieser Reisen sind beispielsweise die <a href=\"https:\/\/www.jugendwerk-awo-reisen.de\/ferienfreizeiten_kinder_und_jugendreisen\">Arbeiterwohlfahrt (AWO)<\/a>, die <a href=\"https:\/\/www.pfadfinden-in-deutschland.de\/\">Pfadfinder <\/a>oder Reiseb&uuml;ros, die sich auf die Vermittlung von <a href=\"https:\/\/www.jugendtours.de\/jugendreisen\/\">Kinder- und Jugendreisen<\/a> spezialisiert haben. <\/p>\n<\/p>\n<p><p><strong>Tipp:<\/strong> Diese Sch&uuml;lerfreizeiten sind meistens schon fr&uuml;hzeitig im Jahr ausgebucht. Insbesondere in den Sommerferien ist der Bedarf so hoch, dass du dich rechtzeitig um einen Platz f&uuml;r dein Kind k&uuml;mmern solltest. <\/p>\n<\/p>\n<p class=\"highlighted\">\n<p>Ferienbetreuung im Hort oder in der Schule<\/p>\n<\/p>\n<p><p>In den meisten gr&ouml;&szlig;eren St&auml;dten bieten &ouml;ffentliche Einrichtungen wie die Schule oder die Stadt selbst Betreuungsm&ouml;glichkeiten im Hort an. Der Hort ist in den Ferienzeiten meistens ganztags ge&ouml;ffnet und bietet diverse Besch&auml;ftigungsm&ouml;glichkeiten f&uuml;r Kinder an. H&auml;ufig werden Tagesausfl&uuml;ge unternommen, es gibt eine ganzt&auml;gige Verpflegung und soziale Kontakte zu Gleichaltrigen.<\/p>\n<\/p>\n<p><p><strong>Hinweis<\/strong>: Wenn es sich nicht um eine private Einrichtung handelt, m&uuml;ssen Eltern h&auml;ufig einen Bedarfsbescheid beim Jugendamt beantragen und nachweisen, dass sie ihr Kind aufgrund ihrer Arbeit in den Ferien nicht selbst betreuen k&ouml;nnen. Da die Bearbeitungszeit entsprechend lange dauert, solltest du sp&auml;testens 3 Monate vor dem Beginn der Sommerferien den Antrag einreichen.<\/p>\n<\/p>\n<p><p>Handelt es sich um eine &ouml;ffentliche Hort-Einrichtung, dann werden die <a href=\"https:\/\/yoopies.de\/c\/staatliche-familienleistungen\">Betreuungskosten <\/a>meist entweder anteilig oder sogar vollst&auml;ndig &uuml;bernommen. Einen bundesweit g&uuml;ltigen Rechtsanspruch auf einen Hortplatz gibt es allerdings nicht. <\/p>\n<\/p>\n<p class=\"highlighted\">\n<p>Betrieblich unterst&uuml;tzte Ferienbetreuung des Arbeitgebers<\/p>\n<\/p>\n<p><p>In anderen L&auml;ndern wie Frankreich oder den USA ist es l&auml;ngst eine Selbstverst&auml;ndlichkeit, dass gr&ouml;&szlig;ere Firmen f&uuml;r ihre Mitarbeiter auch eine <a href=\"https:\/\/yoopies.de\/kinderbetreuung\">Kinderbetreuung <\/a>insbesondere f&uuml;r die Ferienzeiten anbieten. Auch in Deutschland haben sehr gro&szlig;e Konzerne bereits diesen Bedarf erkannt und entsprechende Betreuungs- und Ferienprogramme geschaffen, um ihren Mitarbeitern f&uuml;r die Arbeit den R&uuml;cken frei zu halten. Sollte es diese M&ouml;glichkeit in deinem Betrieb noch nicht geben, k&ouml;nntest du dein <a href=\"https:\/\/www.erfolgsfaktor-familie.de\/fileadmin\/ef\/data\/mediathek\/bfg_Betrieblich_unterstuetzte_Ferienbetreuung.pdf\">Anliegen beim Betriebsrat<\/a> vortragen. Vielleicht kann dieser etwas bewegen, so dass du dich in Zukunft nicht mehr um die <a href=\"https:\/\/yoopies.de\/c\/ratgeber-fuer-eltern-rund-um-kinderbetreuung\/kinderbetreuung-in-den-sommerferien\">Sommerferienbetreuung <\/a>k&uuml;mmern musst. <\/p>\n<\/p>\n<p class=\"highlighted\">\n<p>Ein Netzwerk schaffen f&uuml;r die Kinderbetreuung im Sommer<\/p>\n<\/p>\n<p><p>Die L&auml;nge der Sommerferien variiert zwischen den einzelnen Bundesl&auml;ndern, betr&auml;gt aber mindestens 6 Wochen. Diese Zeit ausschlie&szlig;lich mit Ferienfreizeiten, Tagesausfl&uuml;gen und Hortpl&auml;tzen abzudecken, ist nahezu unm&ouml;glich. Daher sorgen viele Eltern daf&uuml;r, dass sie sich rechtzeitig ein Netzwerk aus Freunden und Nachbarn schaffen, die tageweise das Kind betreuen k&ouml;nnen. Sicher kannst du dich auch in dieses Netzwerk einbringen und nach M&ouml;glichkeit auch die Kinder der Anderen betreuen, wenn diese arbeiten m&uuml;ssen. Bei der Kinderbetreuung im Sommer ist die gegenseitige Unterst&uuml;tzung eine wichtige Voraussetzung daf&uuml;r, dass das Netzwerk funktioniert.&nbsp;<\/p>\n<\/p>\n<p class=\"highlighted\">\n<p>Ein Au-Pair M&auml;dchen f&uuml;r die Kinderbetreuung nach Deutschland holen<\/p>\n<\/p>\n<p><p>Wenn du mit deinem Partner am Familientisch sitzt und &uuml;ber die M&ouml;glichkeiten der Ferienbetreuung im Sommer sprichst, kommt irgendwann vielleicht auch das Thema Au-pair auf den Tisch. Ein<a href=\"https:\/\/yoopies.de\/c\/als-au-pair-die-welt-entdecken\"> Au-pair M&auml;dchen<\/a> oder Junge entlastet die Familie an vielen Stellen im Alltag und nat&uuml;rlich insbesondere w&auml;hrend der Ferienzeiten. Der Vorteil ist, dass dein Kind im gewohnten Umfeld bleibt und au&szlig;erdem fr&uuml;hzeitig mit einer anderen Sprache und einer anderen Kultur in Kontakt kommt. <\/p>\n<\/p>\n<p><p>Allerdings solltest du bedenken, dass das Au-pair-Verh&auml;ltnis mindestens 6 Monate dauern muss, damit es als solches anerkannt wird. Du kannst also kein Au-pair nur f&uuml;r die Sommerferien zu dir nach Hause holen. <\/p>\n<\/p>\n<p class=\"highlighted\">\n<p>Einen Babysitter buchen f&uuml;r die Sommerzeit<\/p>\n<\/p>\n<p><p>F&uuml;r die punktuelle Kinderbetreuung an den Wochenenden und nat&uuml;rlich auch in den Sommerferien lohnt es sich f&uuml;r viele Familien, einen <a href=\"https:\/\/yoopies.de\/babysitters\">Babysitter zu buchen<\/a>. Du kannst mit einem Babysitter oder einer Babysitterin ganz individuell die Betreuungszeiten besprechen und auch frei &uuml;ber den Lohn verhandeln. Brauchst du beispielsweise nur von Montag bis Donnerstag eine Betreuung, nur vormittags oder nachmittags? Dann kannst du deinen Babysitter genau f&uuml;r diese Zeiten punktuell buchen. <\/p>\n<\/p>\n<p><p>Den Kontakt zu einem Babysitter stellst du &uuml;ber Plattformen wie <a href=\"https:\/\/yoopies.de\">Yoopies.de<\/a> her. Dort findest du Kinderbetreuer in deiner Stadt, die deinen Suchkriterien entsprechen und f&uuml;r die gew&uuml;nschte Zeit auch noch freie Kapazit&auml;ten haben. Du kannst dir die Profile der Babysitter ansehen und liest dir die Bewertungen anderer Eltern durch, die bereits mit dieser Betreuungskraft Kontakt hatten. Dadurch kannst du direkt eine Vertrauensbasis schaffen und das Angebot wird transparenter. Alle Babysitter sind auf der Plattform verifiziert.<\/p>\n<\/p>\n<p><p>Die <a href=\"https:\/\/yoopies.de\/%C3%BCber-uns\">Abwicklung <\/a>der formalen Erledigungen erfolgt bequem &uuml;ber Yoopies. Du vereinbarst im Voraus die Betreuungszeiten und einen Stundenlohn; die Abrechnung erfolgt dann &uuml;ber das Portal. &Uuml;brigens kannst du das Geld f&uuml;r die private Ferienbetreuung auch noch von der Steuer absetzen. <\/p>\n<\/p>\n<p class=\"highlighted\">\n<p>Betreuungskosten sparen via Babysitter-Sharing<\/p>\n<\/p>\n<p><p>Wenn du f&uuml;r die gesamten Sommerferien oder zumindest gro&szlig;e Teile davon einen Babysitter buchen musst, dann entstehen daf&uuml;r nat&uuml;rlich einige Kosten. Eine tolle M&ouml;glichkeit, um Kosten zu sparen, ist das Babysitter-Sharing. Daf&uuml;r suchst du dir in deinem Freundeskreis oder deiner Nachbarschaft eine Familie aus, die ebenfalls eine Ferienbetreuung f&uuml;r den Sommer ben&ouml;tigt. Gemeinsam findet ihr einen Babysitter, der bereit ist, gleichzeitig auf 2 bis 3 Kinder aufzupassen. Es ist angemessen, f&uuml;r die Betreuung mehrerer Kinder auch etwas mehr Geld zu zahlen, aber am Ende kannst du durch das Babysitter-Sharing sehr viel Geld sparen. <\/p>\n<\/p>\n<p><a class=\"button\" href=\"https:\/\/yoopies.de\/kinderbetreuung\">Kinderbetreuung f\u00fcr Sommerferien finden<\/a><\/p>\n","protected":false},"excerpt":{"rendered":"<p>Bild \u00a9 Pixabay Berufst&auml;tige Eltern von Grundsch&uuml;lern stehen in den Sommerferien vor der gro&szlig;en Herausforderung, &hellip; <\/p>\n","protected":false},"author":10,"featured_media":276,"parent":137,"menu_order":0,"comment_status":"closed","ping_status":"closed","template":"","meta":{"_acf_changed":false,"footnotes":""},"class_list":["post-274","page","type-page","status-publish","has-post-thumbnail","hentry"],"acf":[],"yoast_head":"<!-- This site is optimized with the Yoast SEO plugin v26.9 - https:\/\/yoast.com\/product\/yoast-seo-wordpress\/ -->\n<title>Sommerferien: Wie finde ich eine Betreuung f\u00fcr mein Kind?<\/title>\n<meta name=\"description\" content=\"Ferienlager, Pfadfinder, Sch\u00fclerhort, Au-Pair, Babsyitter-Sharing... Wir zeigen euch die besten Tipps f\u00fcr Kinderbetreuung w\u00e4hrend den Sommerferien.\" \/>\n<meta name=\"robots\" content=\"index, follow, max-snippet:-1, max-image-preview:large, max-video-preview:-1\" \/>\n<link rel=\"canonical\" href=\"https:\/\/yoopies.de\/c\/ratgeber-fuer-eltern-rund-um-kinderbetreuung\/kinderbetreuung-in-den-sommerferien\/\" \/>\n<meta property=\"og:locale\" content=\"de_DE\" \/>\n<meta property=\"og:type\" content=\"article\" \/>\n<meta property=\"og:title\" content=\"Sommerferien: Wie finde ich eine Betreuung f\u00fcr mein Kind?\" \/>\n<meta property=\"og:description\" content=\"Ferienlager, Pfadfinder, Sch\u00fclerhort, Au-Pair, Babsyitter-Sharing... Wir zeigen euch die besten Tipps f\u00fcr Kinderbetreuung w\u00e4hrend den Sommerferien.\" \/>\n<meta property=\"og:url\" content=\"https:\/\/yoopies.de\/c\/ratgeber-fuer-eltern-rund-um-kinderbetreuung\/kinderbetreuung-in-den-sommerferien\/\" \/>\n<meta property=\"og:site_name\" content=\"Yoopies Deutschland\" \/>\n<meta property=\"article:modified_time\" content=\"2025-06-12T08:42:37+00:00\" \/>\n<meta property=\"og:image\" content=\"https:\/\/yoopies.de\/c\/wp-content\/uploads\/sites\/5\/2019\/07\/f8a2818e4b9c7a105ac3e197b63be328405e553f-water-fight-children-water-play-51349.jpg\" \/>\n\t<meta property=\"og:image:width\" content=\"1200\" \/>\n\t<meta property=\"og:image:height\" content=\"1012\" \/>\n\t<meta property=\"og:image:type\" content=\"image\/jpeg\" \/>\n<meta name=\"twitter:card\" content=\"summary_large_image\" \/>\n<meta name=\"twitter:label1\" content=\"Gesch\u00e4tzte Lesezeit\" \/>\n\t<meta name=\"twitter:data1\" content=\"6\u00a0Minuten\" \/>\n<script type=\"application\/ld+json\" class=\"yoast-schema-graph\">{\"@context\":\"https:\/\/schema.org\",\"@graph\":[{\"@type\":\"WebPage\",\"@id\":\"https:\/\/yoopies.de\/c\/ratgeber-fuer-eltern-rund-um-kinderbetreuung\/kinderbetreuung-in-den-sommerferien\/\",\"url\":\"https:\/\/yoopies.de\/c\/ratgeber-fuer-eltern-rund-um-kinderbetreuung\/kinderbetreuung-in-den-sommerferien\/\",\"name\":\"Sommerferien: Wie finde ich eine Betreuung f\u00fcr mein Kind?\",\"isPartOf\":{\"@id\":\"https:\/\/yoopies.de\/c\/#website\"},\"primaryImageOfPage\":{\"@id\":\"https:\/\/yoopies.de\/c\/ratgeber-fuer-eltern-rund-um-kinderbetreuung\/kinderbetreuung-in-den-sommerferien\/#primaryimage\"},\"image\":{\"@id\":\"https:\/\/yoopies.de\/c\/ratgeber-fuer-eltern-rund-um-kinderbetreuung\/kinderbetreuung-in-den-sommerferien\/#primaryimage\"},\"thumbnailUrl\":\"https:\/\/yoopies.de\/c\/wp-content\/uploads\/sites\/5\/2019\/07\/f8a2818e4b9c7a105ac3e197b63be328405e553f-water-fight-children-water-play-51349.jpg\",\"datePublished\":\"2019-07-22T13:09:18+00:00\",\"dateModified\":\"2025-06-12T08:42:37+00:00\",\"description\":\"Ferienlager, Pfadfinder, Sch\u00fclerhort, Au-Pair, Babsyitter-Sharing... Wir zeigen euch die besten Tipps f\u00fcr Kinderbetreuung w\u00e4hrend den Sommerferien.\",\"breadcrumb\":{\"@id\":\"https:\/\/yoopies.de\/c\/ratgeber-fuer-eltern-rund-um-kinderbetreuung\/kinderbetreuung-in-den-sommerferien\/#breadcrumb\"},\"inLanguage\":\"de\",\"potentialAction\":[{\"@type\":\"ReadAction\",\"target\":[\"https:\/\/yoopies.de\/c\/ratgeber-fuer-eltern-rund-um-kinderbetreuung\/kinderbetreuung-in-den-sommerferien\/\"]}]},{\"@type\":\"ImageObject\",\"inLanguage\":\"de\",\"@id\":\"https:\/\/yoopies.de\/c\/ratgeber-fuer-eltern-rund-um-kinderbetreuung\/kinderbetreuung-in-den-sommerferien\/#primaryimage\",\"url\":\"https:\/\/yoopies.de\/c\/wp-content\/uploads\/sites\/5\/2019\/07\/f8a2818e4b9c7a105ac3e197b63be328405e553f-water-fight-children-water-play-51349.jpg\",\"contentUrl\":\"https:\/\/yoopies.de\/c\/wp-content\/uploads\/sites\/5\/2019\/07\/f8a2818e4b9c7a105ac3e197b63be328405e553f-water-fight-children-water-play-51349.jpg\",\"width\":1200,\"height\":1012},{\"@type\":\"BreadcrumbList\",\"@id\":\"https:\/\/yoopies.de\/c\/ratgeber-fuer-eltern-rund-um-kinderbetreuung\/kinderbetreuung-in-den-sommerferien\/#breadcrumb\",\"itemListElement\":[{\"@type\":\"ListItem\",\"position\":1,\"name\":\"Home\",\"item\":\"https:\/\/yoopies.de\/c\/\"},{\"@type\":\"ListItem\",\"position\":2,\"name\":\"Der Ratgeber von Yoopies f\u00fcr Eltern rund um Kinderbetreuung\",\"item\":\"https:\/\/yoopies.de\/c\/ratgeber-fuer-eltern-rund-um-kinderbetreuung\/\"},{\"@type\":\"ListItem\",\"position\":3,\"name\":\"Sommerferien: Wie finde ich eine Betreuung f\u00fcr mein Kind?\"}]},{\"@type\":\"WebSite\",\"@id\":\"https:\/\/yoopies.de\/c\/#website\",\"url\":\"https:\/\/yoopies.de\/c\/\",\"name\":\"Yoopies Deutschland\",\"description\":\"\",\"potentialAction\":[{\"@type\":\"SearchAction\",\"target\":{\"@type\":\"EntryPoint\",\"urlTemplate\":\"https:\/\/yoopies.de\/c\/?s={search_term_string}\"},\"query-input\":{\"@type\":\"PropertyValueSpecification\",\"valueRequired\":true,\"valueName\":\"search_term_string\"}}],\"inLanguage\":\"de\"}]}<\/script>\n<!-- \/ Yoast SEO plugin. -->","yoast_head_json":{"title":"Sommerferien: Wie finde ich eine Betreuung f\u00fcr mein Kind?","description":"Ferienlager, Pfadfinder, Sch\u00fclerhort, Au-Pair, Babsyitter-Sharing... Wir zeigen euch die besten Tipps f\u00fcr Kinderbetreuung w\u00e4hrend den Sommerferien.","robots":{"index":"index","follow":"follow","max-snippet":"max-snippet:-1","max-image-preview":"max-image-preview:large","max-video-preview":"max-video-preview:-1"},"canonical":"https:\/\/yoopies.de\/c\/ratgeber-fuer-eltern-rund-um-kinderbetreuung\/kinderbetreuung-in-den-sommerferien\/","og_locale":"de_DE","og_type":"article","og_title":"Sommerferien: Wie finde ich eine Betreuung f\u00fcr mein Kind?","og_description":"Ferienlager, Pfadfinder, Sch\u00fclerhort, Au-Pair, Babsyitter-Sharing... Wir zeigen euch die besten Tipps f\u00fcr Kinderbetreuung w\u00e4hrend den Sommerferien.","og_url":"https:\/\/yoopies.de\/c\/ratgeber-fuer-eltern-rund-um-kinderbetreuung\/kinderbetreuung-in-den-sommerferien\/","og_site_name":"Yoopies Deutschland","article_modified_time":"2025-06-12T08:42:37+00:00","og_image":[{"width":1200,"height":1012,"url":"https:\/\/yoopies.de\/c\/wp-content\/uploads\/sites\/5\/2019\/07\/f8a2818e4b9c7a105ac3e197b63be328405e553f-water-fight-children-water-play-51349.jpg","type":"image\/jpeg"}],"twitter_card":"summary_large_image","twitter_misc":{"Gesch\u00e4tzte Lesezeit":"6\u00a0Minuten"},"schema":{"@context":"https:\/\/schema.org","@graph":[{"@type":"WebPage","@id":"https:\/\/yoopies.de\/c\/ratgeber-fuer-eltern-rund-um-kinderbetreuung\/kinderbetreuung-in-den-sommerferien\/","url":"https:\/\/yoopies.de\/c\/ratgeber-fuer-eltern-rund-um-kinderbetreuung\/kinderbetreuung-in-den-sommerferien\/","name":"Sommerferien: Wie finde ich eine Betreuung f\u00fcr mein Kind?","isPartOf":{"@id":"https:\/\/yoopies.de\/c\/#website"},"primaryImageOfPage":{"@id":"https:\/\/yoopies.de\/c\/ratgeber-fuer-eltern-rund-um-kinderbetreuung\/kinderbetreuung-in-den-sommerferien\/#primaryimage"},"image":{"@id":"https:\/\/yoopies.de\/c\/ratgeber-fuer-eltern-rund-um-kinderbetreuung\/kinderbetreuung-in-den-sommerferien\/#primaryimage"},"thumbnailUrl":"https:\/\/yoopies.de\/c\/wp-content\/uploads\/sites\/5\/2019\/07\/f8a2818e4b9c7a105ac3e197b63be328405e553f-water-fight-children-water-play-51349.jpg","datePublished":"2019-07-22T13:09:18+00:00","dateModified":"2025-06-12T08:42:37+00:00","description":"Ferienlager, Pfadfinder, Sch\u00fclerhort, Au-Pair, Babsyitter-Sharing... Wir zeigen euch die besten Tipps f\u00fcr Kinderbetreuung w\u00e4hrend den Sommerferien.","breadcrumb":{"@id":"https:\/\/yoopies.de\/c\/ratgeber-fuer-eltern-rund-um-kinderbetreuung\/kinderbetreuung-in-den-sommerferien\/#breadcrumb"},"inLanguage":"de","potentialAction":[{"@type":"ReadAction","target":["https:\/\/yoopies.de\/c\/ratgeber-fuer-eltern-rund-um-kinderbetreuung\/kinderbetreuung-in-den-sommerferien\/"]}]},{"@type":"ImageObject","inLanguage":"de","@id":"https:\/\/yoopies.de\/c\/ratgeber-fuer-eltern-rund-um-kinderbetreuung\/kinderbetreuung-in-den-sommerferien\/#primaryimage","url":"https:\/\/yoopies.de\/c\/wp-content\/uploads\/sites\/5\/2019\/07\/f8a2818e4b9c7a105ac3e197b63be328405e553f-water-fight-children-water-play-51349.jpg","contentUrl":"https:\/\/yoopies.de\/c\/wp-content\/uploads\/sites\/5\/2019\/07\/f8a2818e4b9c7a105ac3e197b63be328405e553f-water-fight-children-water-play-51349.jpg","width":1200,"height":1012},{"@type":"BreadcrumbList","@id":"https:\/\/yoopies.de\/c\/ratgeber-fuer-eltern-rund-um-kinderbetreuung\/kinderbetreuung-in-den-sommerferien\/#breadcrumb","itemListElement":[{"@type":"ListItem","position":1,"name":"Home","item":"https:\/\/yoopies.de\/c\/"},{"@type":"ListItem","position":2,"name":"Der Ratgeber von Yoopies f\u00fcr Eltern rund um Kinderbetreuung","item":"https:\/\/yoopies.de\/c\/ratgeber-fuer-eltern-rund-um-kinderbetreuung\/"},{"@type":"ListItem","position":3,"name":"Sommerferien: Wie finde ich eine Betreuung f\u00fcr mein Kind?"}]},{"@type":"WebSite","@id":"https:\/\/yoopies.de\/c\/#website","url":"https:\/\/yoopies.de\/c\/","name":"Yoopies Deutschland","description":"","potentialAction":[{"@type":"SearchAction","target":{"@type":"EntryPoint","urlTemplate":"https:\/\/yoopies.de\/c\/?s={search_term_string}"},"query-input":{"@type":"PropertyValueSpecification","valueRequired":true,"valueName":"search_term_string"}}],"inLanguage":"de"}]}},"_links":{"self":[{"href":"https:\/\/yoopies.de\/c\/wp-json\/wp\/v2\/pages\/274","targetHints":{"allow":["GET"]}}],"collection":[{"href":"https:\/\/yoopies.de\/c\/wp-json\/wp\/v2\/pages"}],"about":[{"href":"https:\/\/yoopies.de\/c\/wp-json\/wp\/v2\/types\/page"}],"author":[{"embeddable":true,"href":"https:\/\/yoopies.de\/c\/wp-json\/wp\/v2\/users\/10"}],"replies":[{"embeddable":true,"href":"https:\/\/yoopies.de\/c\/wp-json\/wp\/v2\/comments?post=274"}],"version-history":[{"count":1,"href":"https:\/\/yoopies.de\/c\/wp-json\/wp\/v2\/pages\/274\/revisions"}],"predecessor-version":[{"id":277,"href":"https:\/\/yoopies.de\/c\/wp-json\/wp\/v2\/pages\/274\/revisions\/277"}],"up":[{"embeddable":true,"href":"https:\/\/yoopies.de\/c\/wp-json\/wp\/v2\/pages\/137"}],"wp:featuredmedia":[{"embeddable":true,"href":"https:\/\/yoopies.de\/c\/wp-json\/wp\/v2\/media\/276"}],"wp:attachment":[{"href":"https:\/\/yoopies.de\/c\/wp-json\/wp\/v2\/media?parent=274"}],"curies":[{"name":"wp","href":"https:\/\/api.w.org\/{rel}","templated":true}]}}