{"id":227,"date":"2019-07-18T13:40:36","date_gmt":"2019-07-18T13:40:36","guid":{"rendered":"https:\/\/blog.yoopies.de\/was-kostet-eine-tagesmutter\/"},"modified":"2025-06-12T08:42:37","modified_gmt":"2025-06-12T08:42:37","slug":"was-kostet-eine-tagesmutter","status":"publish","type":"page","link":"https:\/\/yoopies.de\/c\/was-kostet-eine-tagesmutter\/","title":{"rendered":"Was kostet eine Tagesmutter? Darauf sollten Eltern achten"},"content":{"rendered":"<figure><img decoding=\"async\" src=\"https:\/\/yoopies.de\/c\/wp-content\/uploads\/sites\/5\/2019\/07\/8fc23a0c8d1a4359132e48fd6cb20b9dda8207fd-boy-child-childhood-235554.jpg\" \/><figcaption>Bild \u00a9 pexels.com<\/figcaption><\/figure>\n<p><p>Spielen, tr&ouml;sten, wickeln, f&ouml;rdern, kuscheln: Die Kosten einer Tagesmutter d&uuml;rfen nicht mit ihrem Wert gleichgesetzt werden. Schlie&szlig;lich ist sie die Mama auf Zeit, die bis zu 8 Kinder gleichzeitig in Obhut hat und daf&uuml;r sorgt, dass es ihnen an nichts fehlt. Und trotzdem muss der Wert dieser Arbeit am Ende des Monats in Euro ausgedr&uuml;ckt werden. <\/p>\n<p>Wieviel Geld muss ich f&uuml;r eine gute Tagesmutter ausgeben? In diesem Beitrag kl&auml;ren wir die Frage, wie sich die Geb&uuml;hren f&uuml;r die Tagesbetreuung zusammensetzen, warum es so unterschiedliche Informationen im Netz gibt und worin der Unterschied zwischen einer privat vereinbarten Tagespflege und der &ouml;ffentlichen Vermittlung durch den Jugendhilfetr&auml;ger liegt. <\/p>\n<\/p>\n<p><p>So unverzichtbar das Internet in vielen Bereichen des Lebens auch ist &ndash; so verwirrend sind manchmal die Informationen, die in Foren, sozialen Netzwerken und Blogs zu finden sind. W&auml;hrend die einen &uuml;ber feste S&auml;tze sprechen, die nicht verhandelbar sind, berichten die anderen wiederum von frei verhandelbaren Stundenl&ouml;hnen und Pauschalen. Was stimmt denn nun?<\/p>\n<\/p>\n<p><p>Der Lohn f&uuml;r die Arbeit einer Tagesmutter variiert zwischen den einzelnen Bundesl&auml;ndern und unterscheidet sich auch in der Art der Betreuung. Handelt es sich um eine &ouml;ffentlich &uuml;ber das Jugendamt vermittelte Tagesmutter oder wird sie von den Eltern privat finanziert? Das sind die Unterschiede.<\/p>\n<\/p>\n<p><p><strong>&Ouml;ffentlich gef&ouml;rderte Kindertagespflege<br \/>\n<\/strong>Tagesm&uuml;tter brauchen vom Jugendamt eine Zulassung. Sie m&uuml;ssen nachweisen, dass sie als Tagespflegeperson geeignet sind und auch die R&auml;umlichkeiten m&uuml;ssen bestimmte Sicherheitskriterien erf&uuml;llen. Stimmt alles, dann werden Tagesm&uuml;tter beim Jugendamt gelistet und erhalten f&uuml;r ihre Arbeit Geld aus &ouml;ffentlichen Mitteln. Diese setzen sich aus den Sachaufwendungen (z.B. Spielzeug, Essen, Miete, Fahrtkosten) und den F&ouml;rderungsleistungen f&uuml;r die Erziehungsaufwendungen zusammen. Die H&ouml;he dieser Kosten wird entweder von der &ouml;ffentlichen Jugendhilfe festgelegt oder durch das Landesrecht geregelt. <\/p>\n<\/p>\n<p><p><strong>Privat finanzierte Tagespflege<br \/>\n<\/strong>Wenn die Tagesmutter oder der Tagesvater keine F&ouml;rderung aus &ouml;ffentlichen Mitteln erh&auml;lt, dann kann sie die H&ouml;he der Betreuungskosten individuell mit den Eltern vereinbaren. Es muss allerdings immer der Mindestlohnsatz eingehalten werden.<\/p>\n<\/p>\n<p><p>Es gibt keine deutschlandweit einheitliche Regelung, was eine Tagesmutter kostet und wie hoch die Beitr&auml;ge sind, die Eltern f&uuml;r die Betreuung ihrer Kinder leisten m&uuml;ssen. Grunds&auml;tzlich h&auml;ngen die Kosten ma&szlig;geblich davon ab, ob Sie einen Halbtags- oder einen Ganztagsplatz in Anspruch nehmen. Damit Sie einen ungef&auml;hren Einblick haben, wieviel am Monatsende denn nun von Ihrem Konto abgebucht wird, stellen wir Ihnen exemplarisch f&uuml;r 5 St&auml;dte die Tagesmutter-Kosten gegen&uuml;ber. <\/p>\n<\/p>\n<p><p><strong>Tagesmutter Kosten in Berlin<\/strong><br \/>\nIn Berlin wird seit 2006 ein Betreuungsgutschein ausgestellt. Bei der Antragstellung wird der Betreuungsbedarf festgestellt. Eltern, die den Kita-Gutschein bei der Tagesmutter einl&ouml;sen, zahlen denselben Betrag, den sie auch f&uuml;r die Betreuung des Kindes in der Kita zahlen m&uuml;ssten. Der tats&auml;chliche Beitrag ist gestaffelt nach Familieneinkommen, Kinderanzahl und Betreuungsdauer. <\/p>\n<\/p>\n<p><p><strong>Tagesmutter Kosten in Hamburg<br \/>\n<\/strong>In Hamburg gibt es ein besonders familienfreundliches Betreuungssystem. Auch hier m&uuml;ssen die Eltern zun&auml;chst ihren Betreuungsbedarf nachweisen und erhalten im Anschluss einen Kita-Gutschein f&uuml;r einen Halbtags- oder einen Ganztagsplatz. Bis zu 30 Wochenstunden sind ab der Geburt in der Kindertagespflege f&uuml;r die Eltern kostenlos. Die Betreuungskosten werden von der Stadt Hamburg getragen. Alles, was dar&uuml;ber hinausgeht, h&auml;ngt von dem Einkommen der Eltern, der Familiengr&ouml;&szlig;e, der Altersgruppe und des Betreuungsumfangs des Kindes ab. <\/p>\n<\/p>\n<p><p><strong>Tagesmutter Kosten in M&uuml;nchen<\/strong><\/p>\n<p>Auch in Bayern werden die Tagesm&uuml;tter &ouml;ffentlich gef&ouml;rdert. Die H&ouml;he der F&ouml;rderung setzt sich aus einer staatlichen und einer kommunalen F&ouml;rderung zusammen, deren H&ouml;he regelm&auml;&szlig;ig neu verhandelt wird. Die Elternbeteiligung darf hier maximal das 1,5fache des staatlichen Anteils betragen. Im Jahr 2018 betrug die maximale Zuzahlung beispielsweise 2.06 Euro pro Stunde. <\/p>\n<\/p>\n<p><p><strong>Tagesmutter Kosten in K&ouml;ln<\/strong><\/p>\n<p>In K&ouml;ln orientiert sich die H&ouml;he der Elternbeitr&auml;ge an deren Einkommen und der Betreuungszeit. Die Kosten f&uuml;r das Essen legt die Tagespflegeperson individuell fest &ndash; sie m&uuml;ssen separat von den Eltern getragen werden. Wer ein geringes Haushaltseinkommen von bis zu 12.271 Euro im Jahr hat, braucht keine Elternbeitr&auml;ge zu leisten. Bei einem Einkommen von bis zu 49.084 Euro zahlen die Eltern f&uuml;r die ersten 25 Stunden 1,76 Euro\/Stunde, von der 26. bis zu 35. Stunde 0,48 Euro\/Stunde und dar&uuml;ber hinaus 0,55 Euro\/Stunde. Sie k&ouml;nnen sich Ihren Beitrag also genau nach Ihrem Einkommen ausrechnen. <\/p>\n<\/p>\n<p><p><strong>Tagesmutter Kosten in Frankfurt am Main<\/strong><\/p>\n<p>In Frankfurt am Main gibt es Pauschalen f&uuml;r die Kinderbetreuung bei einer Tagesmutter. Die H&ouml;he h&auml;ngt von der w&ouml;chentlichen Betreuungszeit ab. Bei 10 bis 15 Stunden Betreuung in der Woche zahlen Eltern 75,00 Euro, bei 35 bis 45 Stunden 225,00 Euro. Ab einer Betreuungszeit von 15 Stunden ist das Essen im Preis enthalten. Es gibt dar&uuml;ber hinaus aber Geschwistererm&auml;&szlig;igungen und M&ouml;glichkeiten f&uuml;r sozial schwache Familien, sich die Kosten f&uuml;r die Tagesmutter erstatten zu lassen. <\/p>\n<\/p>\n<p><p>&Uuml;ber die aktuellen Betreuungskosten informieren Sie sich am besten beim <a href=\"https:\/\/www.bmfsfj.de\/bmfsfj\/ministeriumhttps:\/\/\">Bundesministerium f&uuml;r Familie, Senioren, Frauen und Jugend.<\/a> Dort gibt es ein Handbuch f&uuml;r Kindertagespflege, das zwischen den einzelnen Bundesl&auml;ndern unterscheidet. Hier sind individuell f&uuml;r Ihre Stadt auch weitere Informationsquellen verlinkt. <\/p>\n<\/p>\n<p><p>Ohne Zweifel: Die Kosten f&uuml;r eine gute Tagesmutter sind f&uuml;r junge Familien die wichtigste Investition. Die gute Nachricht ist: Am Ende des Jahres k&ouml;nnen Sie einen Teil des Geldes &uuml;ber die Steuererkl&auml;rung wieder zur&uuml;ckbekommen. Bis zum 14. Lebensjahr k&ouml;nnen Eltern die Kosten f&uuml;r die Kinderbetreuung &ndash; sei es in der Kita, bei der Tagespflege oder im Hort &ndash; als Sonderausgaben von der Steuer absetzen. Absetzbar sind bis zu 2\/3 der Kosten, aber maximal 4000,00 Euro pro Kind und pro Jahr. Wichtig ist nur, dass Sie daf&uuml;r eine ordentliche Abrechnung erhalten und den Betrag von Ihrem Konto &uuml;berweisen. Barzahlungen werden nicht akzeptiert. <\/p>\n<\/p>\n<p>Schlussendlich bleibt zu sagen, dass die H&ouml;he der Kosten f&uuml;r eine Tagesmutter von individuellen Faktoren wie Ihrem Wohnort, Ihrem Einkommen und der Zahl der Betreuungsstunden abh&auml;ngt. F&uuml;r junge Eltern z&auml;hlt bei der Wahl der Tagesmutter am Ende ohnehin nur die Frage: Kann ich mein Kind am Morgen mit guten Gewissen und mit wenig Tr&auml;nen verabschieden und es am Nachmittag gut gelaunt wieder in die Arme schlie&szlig;en? Das ist im Grunde unbezahlbar.<\/p>\n<\/p>\n<p><a class=\"button\" href=\"https:\/\/yoopies.de\">Jetzt Tagesmutter finden!<\/a><\/p>\n","protected":false},"excerpt":{"rendered":"<p>Bild \u00a9 pexels.com Spielen, tr&ouml;sten, wickeln, f&ouml;rdern, kuscheln: Die Kosten einer Tagesmutter d&uuml;rfen nicht mit &hellip; <\/p>\n","protected":false},"author":10,"featured_media":0,"parent":0,"menu_order":0,"comment_status":"closed","ping_status":"closed","template":"","meta":{"_acf_changed":false,"footnotes":""},"class_list":["post-227","page","type-page","status-publish","hentry"],"acf":[],"yoast_head":"<!-- This site is optimized with the Yoast SEO plugin v26.9 - https:\/\/yoast.com\/product\/yoast-seo-wordpress\/ -->\n<title>Was kostet eine Tagesmutter<\/title>\n<meta name=\"description\" content=\"F\u00fcr immer mehr Eltern ist die Betreuung durch eine Tagesmutter eine willkommene Alternative zur Krippe. Aber: Muss man f\u00fcr einen Platz in der Kindertagespflege zwangsl\u00e4ufig tiefer in die Tasche greifen? Yoopies hat die wichtigsten Infos im \u00dcberblick!\" \/>\n<meta name=\"robots\" content=\"index, follow, max-snippet:-1, max-image-preview:large, max-video-preview:-1\" \/>\n<link rel=\"canonical\" href=\"https:\/\/yoopies.de\/c\/was-kostet-eine-tagesmutter\/\" \/>\n<meta property=\"og:locale\" content=\"de_DE\" \/>\n<meta property=\"og:type\" content=\"article\" \/>\n<meta property=\"og:title\" content=\"Was kostet eine Tagesmutter\" \/>\n<meta property=\"og:description\" content=\"F\u00fcr immer mehr Eltern ist die Betreuung durch eine Tagesmutter eine willkommene Alternative zur Krippe. Aber: Muss man f\u00fcr einen Platz in der Kindertagespflege zwangsl\u00e4ufig tiefer in die Tasche greifen? Yoopies hat die wichtigsten Infos im \u00dcberblick!\" \/>\n<meta property=\"og:url\" content=\"https:\/\/yoopies.de\/c\/was-kostet-eine-tagesmutter\/\" \/>\n<meta property=\"og:site_name\" content=\"Yoopies Deutschland\" \/>\n<meta property=\"article:modified_time\" content=\"2025-06-12T08:42:37+00:00\" \/>\n<meta property=\"og:image\" content=\"https:\/\/yoopies.de\/c\/wp-content\/uploads\/sites\/5\/2019\/07\/8fc23a0c8d1a4359132e48fd6cb20b9dda8207fd-boy-child-childhood-235554.jpg\" \/>\n<meta name=\"twitter:card\" content=\"summary_large_image\" \/>\n<meta name=\"twitter:label1\" content=\"Gesch\u00e4tzte Lesezeit\" \/>\n\t<meta name=\"twitter:data1\" content=\"6\u00a0Minuten\" \/>\n<script type=\"application\/ld+json\" class=\"yoast-schema-graph\">{\"@context\":\"https:\/\/schema.org\",\"@graph\":[{\"@type\":\"WebPage\",\"@id\":\"https:\/\/yoopies.de\/c\/was-kostet-eine-tagesmutter\/\",\"url\":\"https:\/\/yoopies.de\/c\/was-kostet-eine-tagesmutter\/\",\"name\":\"Was kostet eine Tagesmutter\",\"isPartOf\":{\"@id\":\"https:\/\/yoopies.de\/c\/#website\"},\"primaryImageOfPage\":{\"@id\":\"https:\/\/yoopies.de\/c\/was-kostet-eine-tagesmutter\/#primaryimage\"},\"image\":{\"@id\":\"https:\/\/yoopies.de\/c\/was-kostet-eine-tagesmutter\/#primaryimage\"},\"thumbnailUrl\":\"https:\/\/yoopies.de\/c\/wp-content\/uploads\/sites\/5\/2019\/07\/8fc23a0c8d1a4359132e48fd6cb20b9dda8207fd-boy-child-childhood-235554.jpg\",\"datePublished\":\"2019-07-18T13:40:36+00:00\",\"dateModified\":\"2025-06-12T08:42:37+00:00\",\"description\":\"F\u00fcr immer mehr Eltern ist die Betreuung durch eine Tagesmutter eine willkommene Alternative zur Krippe. Aber: Muss man f\u00fcr einen Platz in der Kindertagespflege zwangsl\u00e4ufig tiefer in die Tasche greifen? Yoopies hat die wichtigsten Infos im \u00dcberblick!\",\"breadcrumb\":{\"@id\":\"https:\/\/yoopies.de\/c\/was-kostet-eine-tagesmutter\/#breadcrumb\"},\"inLanguage\":\"de\",\"potentialAction\":[{\"@type\":\"ReadAction\",\"target\":[\"https:\/\/yoopies.de\/c\/was-kostet-eine-tagesmutter\/\"]}]},{\"@type\":\"ImageObject\",\"inLanguage\":\"de\",\"@id\":\"https:\/\/yoopies.de\/c\/was-kostet-eine-tagesmutter\/#primaryimage\",\"url\":\"https:\/\/yoopies.de\/c\/wp-content\/uploads\/sites\/5\/2019\/07\/8fc23a0c8d1a4359132e48fd6cb20b9dda8207fd-boy-child-childhood-235554.jpg\",\"contentUrl\":\"https:\/\/yoopies.de\/c\/wp-content\/uploads\/sites\/5\/2019\/07\/8fc23a0c8d1a4359132e48fd6cb20b9dda8207fd-boy-child-childhood-235554.jpg\",\"width\":5277,\"height\":3518},{\"@type\":\"BreadcrumbList\",\"@id\":\"https:\/\/yoopies.de\/c\/was-kostet-eine-tagesmutter\/#breadcrumb\",\"itemListElement\":[{\"@type\":\"ListItem\",\"position\":1,\"name\":\"Home\",\"item\":\"https:\/\/yoopies.de\/c\/\"},{\"@type\":\"ListItem\",\"position\":2,\"name\":\"Was kostet eine Tagesmutter? Darauf sollten Eltern achten\"}]},{\"@type\":\"WebSite\",\"@id\":\"https:\/\/yoopies.de\/c\/#website\",\"url\":\"https:\/\/yoopies.de\/c\/\",\"name\":\"Yoopies Deutschland\",\"description\":\"\",\"potentialAction\":[{\"@type\":\"SearchAction\",\"target\":{\"@type\":\"EntryPoint\",\"urlTemplate\":\"https:\/\/yoopies.de\/c\/?s={search_term_string}\"},\"query-input\":{\"@type\":\"PropertyValueSpecification\",\"valueRequired\":true,\"valueName\":\"search_term_string\"}}],\"inLanguage\":\"de\"}]}<\/script>\n<!-- \/ Yoast SEO plugin. -->","yoast_head_json":{"title":"Was kostet eine Tagesmutter","description":"F\u00fcr immer mehr Eltern ist die Betreuung durch eine Tagesmutter eine willkommene Alternative zur Krippe. Aber: Muss man f\u00fcr einen Platz in der Kindertagespflege zwangsl\u00e4ufig tiefer in die Tasche greifen? Yoopies hat die wichtigsten Infos im \u00dcberblick!","robots":{"index":"index","follow":"follow","max-snippet":"max-snippet:-1","max-image-preview":"max-image-preview:large","max-video-preview":"max-video-preview:-1"},"canonical":"https:\/\/yoopies.de\/c\/was-kostet-eine-tagesmutter\/","og_locale":"de_DE","og_type":"article","og_title":"Was kostet eine Tagesmutter","og_description":"F\u00fcr immer mehr Eltern ist die Betreuung durch eine Tagesmutter eine willkommene Alternative zur Krippe. Aber: Muss man f\u00fcr einen Platz in der Kindertagespflege zwangsl\u00e4ufig tiefer in die Tasche greifen? Yoopies hat die wichtigsten Infos im \u00dcberblick!","og_url":"https:\/\/yoopies.de\/c\/was-kostet-eine-tagesmutter\/","og_site_name":"Yoopies Deutschland","article_modified_time":"2025-06-12T08:42:37+00:00","og_image":[{"url":"https:\/\/yoopies.de\/c\/wp-content\/uploads\/sites\/5\/2019\/07\/8fc23a0c8d1a4359132e48fd6cb20b9dda8207fd-boy-child-childhood-235554.jpg","type":"","width":"","height":""}],"twitter_card":"summary_large_image","twitter_misc":{"Gesch\u00e4tzte Lesezeit":"6\u00a0Minuten"},"schema":{"@context":"https:\/\/schema.org","@graph":[{"@type":"WebPage","@id":"https:\/\/yoopies.de\/c\/was-kostet-eine-tagesmutter\/","url":"https:\/\/yoopies.de\/c\/was-kostet-eine-tagesmutter\/","name":"Was kostet eine Tagesmutter","isPartOf":{"@id":"https:\/\/yoopies.de\/c\/#website"},"primaryImageOfPage":{"@id":"https:\/\/yoopies.de\/c\/was-kostet-eine-tagesmutter\/#primaryimage"},"image":{"@id":"https:\/\/yoopies.de\/c\/was-kostet-eine-tagesmutter\/#primaryimage"},"thumbnailUrl":"https:\/\/yoopies.de\/c\/wp-content\/uploads\/sites\/5\/2019\/07\/8fc23a0c8d1a4359132e48fd6cb20b9dda8207fd-boy-child-childhood-235554.jpg","datePublished":"2019-07-18T13:40:36+00:00","dateModified":"2025-06-12T08:42:37+00:00","description":"F\u00fcr immer mehr Eltern ist die Betreuung durch eine Tagesmutter eine willkommene Alternative zur Krippe. Aber: Muss man f\u00fcr einen Platz in der Kindertagespflege zwangsl\u00e4ufig tiefer in die Tasche greifen? Yoopies hat die wichtigsten Infos im \u00dcberblick!","breadcrumb":{"@id":"https:\/\/yoopies.de\/c\/was-kostet-eine-tagesmutter\/#breadcrumb"},"inLanguage":"de","potentialAction":[{"@type":"ReadAction","target":["https:\/\/yoopies.de\/c\/was-kostet-eine-tagesmutter\/"]}]},{"@type":"ImageObject","inLanguage":"de","@id":"https:\/\/yoopies.de\/c\/was-kostet-eine-tagesmutter\/#primaryimage","url":"https:\/\/yoopies.de\/c\/wp-content\/uploads\/sites\/5\/2019\/07\/8fc23a0c8d1a4359132e48fd6cb20b9dda8207fd-boy-child-childhood-235554.jpg","contentUrl":"https:\/\/yoopies.de\/c\/wp-content\/uploads\/sites\/5\/2019\/07\/8fc23a0c8d1a4359132e48fd6cb20b9dda8207fd-boy-child-childhood-235554.jpg","width":5277,"height":3518},{"@type":"BreadcrumbList","@id":"https:\/\/yoopies.de\/c\/was-kostet-eine-tagesmutter\/#breadcrumb","itemListElement":[{"@type":"ListItem","position":1,"name":"Home","item":"https:\/\/yoopies.de\/c\/"},{"@type":"ListItem","position":2,"name":"Was kostet eine Tagesmutter? Darauf sollten Eltern achten"}]},{"@type":"WebSite","@id":"https:\/\/yoopies.de\/c\/#website","url":"https:\/\/yoopies.de\/c\/","name":"Yoopies Deutschland","description":"","potentialAction":[{"@type":"SearchAction","target":{"@type":"EntryPoint","urlTemplate":"https:\/\/yoopies.de\/c\/?s={search_term_string}"},"query-input":{"@type":"PropertyValueSpecification","valueRequired":true,"valueName":"search_term_string"}}],"inLanguage":"de"}]}},"_links":{"self":[{"href":"https:\/\/yoopies.de\/c\/wp-json\/wp\/v2\/pages\/227","targetHints":{"allow":["GET"]}}],"collection":[{"href":"https:\/\/yoopies.de\/c\/wp-json\/wp\/v2\/pages"}],"about":[{"href":"https:\/\/yoopies.de\/c\/wp-json\/wp\/v2\/types\/page"}],"author":[{"embeddable":true,"href":"https:\/\/yoopies.de\/c\/wp-json\/wp\/v2\/users\/10"}],"replies":[{"embeddable":true,"href":"https:\/\/yoopies.de\/c\/wp-json\/wp\/v2\/comments?post=227"}],"version-history":[{"count":1,"href":"https:\/\/yoopies.de\/c\/wp-json\/wp\/v2\/pages\/227\/revisions"}],"predecessor-version":[{"id":229,"href":"https:\/\/yoopies.de\/c\/wp-json\/wp\/v2\/pages\/227\/revisions\/229"}],"wp:attachment":[{"href":"https:\/\/yoopies.de\/c\/wp-json\/wp\/v2\/media?parent=227"}],"curies":[{"name":"wp","href":"https:\/\/api.w.org\/{rel}","templated":true}]}}