{"id":206,"date":"2019-07-18T12:47:08","date_gmt":"2019-07-18T12:47:08","guid":{"rendered":"https:\/\/blog.yoopies.de\/anerkennunsjahr-fuer-erzieher\/"},"modified":"2025-06-12T08:42:36","modified_gmt":"2025-06-12T08:42:36","slug":"anerkennunsjahr-fuer-erzieher","status":"publish","type":"page","link":"https:\/\/yoopies.de\/c\/anerkennunsjahr-fuer-erzieher\/","title":{"rendered":"Anerkennungsjahr Erzieher"},"content":{"rendered":"<figure><img decoding=\"async\" src=\"https:\/\/yoopies.de\/c\/wp-content\/uploads\/sites\/5\/2019\/07\/8a192966ed2c4f7e99f2fa7405fa9a2cba916b35-bigstock-little-child-and-his-mommy-pla-97127324.jpg\" \/><figcaption>Bild \u00a9 Shutterstock<\/figcaption><\/figure>\n<p><p>Im Anschluss an die schulische Ausbildung zur Erzieherin, die wir in dem Artikel <a href=\"https:\/\/yoopies.de\/c\/eltern-ratgeber-fuer-babysitter\/ausbildung-als-erzieherin\">&bdquo;Ausbildung zum Erzieher&ldquo;<\/a> genauer beleuchten, findet in den meisten Bundesl&auml;ndern das einj&auml;hrige Berufspraktikum statt. Dieses ist f&uuml;r den Abschluss zur staatlich gepr&uuml;ften Erzieherin zwingend notwendig, sofern das Bundesland nicht auf das Anerkennungsjahr verzichtet und die praktische Arbeit bereits in die schulische Ausbildung integriert. <\/p>\n<\/p>\n<p><p>Das <a href=\"https:\/\/www.erzieherin-ausbildung.de\/content\/anerkennungsjahr-und-berufspraktikum\">Anerkennungsjahr <\/a>schlie&szlig;t sich an die schulische Ausbildung zum Erzieher oder Heilerzieher, sowie an das Studium der Sozialen Arbeit oder Sozialp&auml;dagogik an. Es dient dazu praktische Erfahrung im direkten Arbeitsalltag zu machen und endet mit einem Kolloquium und, bei erfolgreichem Abschluss, der Erteilung der staatlichen Anerkennung<\/p>\n<\/p>\n<p><p>In manchen Schulen und Bundesl&auml;ndern ist das Anerkennungsjahr Teil der Ausbildung und wird entweder verteilt &uuml;ber die Ausbildungsdauer in Bl&ouml;cken, oder im letzten Ausbildungsjahr am St&uuml;ck absolviert. Das Schulamt kann Dir genaue Auskunft dar&uuml;ber geben, wie dies in Deinem Bundesland gehandhabt wird.<\/p>\n<\/p>\n<p class=\"highlighted\">\n<p><strong>Bewerbung f&uuml;r das Anerkennungsjahr<\/strong><\/p>\n<\/p>\n<p><p>Generell muss das Anerkennungsjahr in einer sozialp&auml;dagogischen Einrichtung abgeleistet werden, wie zum Beispiel in Kinderg&auml;rten, Kindertagesst&auml;tten, Horten, Jugendheimen oder &auml;hnlichen Institutionen. Die Praktikumsstelle f&uuml;r das Anerkennungsjahr suchst Du Dir selbst. Diese wird nicht von der Schule vermittelt, allerdings kann es nat&uuml;rlich sein, dass Deine Schule Adressen von Institutionen, welche ein Berufspraktikum anbieten, vorliegen hat. <\/p>\n<\/p>\n<p><p>Du musst bei der Auswahl der Stelle darauf achten, dass Du in der jeweiligen <a href=\"http:\/\/www.hilfreich.de\/anerkennungsjahr-als-erzieherin-rechte-pflichten-und-verdienst_13205\">Einrichtung in Vollzeit<\/a> arbeiten kannst. Das bedeutet zwischen 30 und 40 Stunden pro Woche. Dar&uuml;ber hinaus m&uuml;ssen sich in der gew&uuml;nschten Institution Kinder oder Jugendliche zwischen 0 und 18 Jahren zur Betreuung befinden und eine p&auml;dagogische Fachkraft muss sich bereit erkl&auml;ren, die fachliche Anleitung der Berufspraktikanten zu &uuml;bernehmen. Die Praktikanten schlie&szlig;en einen Vertrag mit dem Tr&auml;ger der jeweiligen Einrichtung ab, in dem Arbeitszeiten, K&uuml;ndigungsfristen, Gehalt usw. geregelt sind. Zudem muss die Praxisstelle meist auch einen Vertrag mit der betreuenden Fachschule abschlie&szlig;en. <\/p>\n<\/p>\n<p><p>Viele Einrichtungen bieten jedes Jahr Stellen f&uuml;r das <a href=\"https:\/\/www.erzieherin-ausbildung.de\/\">Anerkennungsjahr <\/a>an. Hier kann Dir Deine Schule m&ouml;glicherweise eine Liste geben. Die Agentur f&uuml;r Arbeit, sowie Jobb&ouml;rsen und Stellenanzeigen helfen Dir ebenso dabei eine passende Praktikumsstelle zu finden. Zur Bewerbung geh&ouml;ren ein Anschreiben, ein vollst&auml;ndiger Lebenslauf und alle relevanten Zeugnisse. Auf ein Vorstellungsgespr&auml;ch folgt h&auml;ufig eine kurze Probephase, in der Bewerber und Einrichtung sich ein Bild voneinander machen k&ouml;nnen, bevor eine endg&uuml;ltige Entscheidung getroffen wird. <\/p>\n<\/p>\n<p><p>Neben einem Arbeitsvertrag zwischen Dir und der Einrichtung, in dem alle wichtigen Eckpunkte wie Dauer, Arbeitszeit, Urlaubsanspruch, K&uuml;ndigungsfristen, Gehalt etc. geregelt werden, wird h&auml;ufig auch ein Vertrag zwischen der Praktikumsstelle und der betreuenden Schule geschlossen. <\/p>\n<\/p>\n<p><p>Bei der Entscheidung f&uuml;r eine Institution spielen viele Faktoren eine Rolle. &Uuml;berlege Dir vor allem gut, wo du sp&auml;ter gerne arbeiten m&ouml;chtest, lieber in einer Kindertagesst&auml;tte oder einem Jugendheim? Oder ist die Arbeit in einem Hort eher etwas, was Du Dir vorstellen kannst? Vielleicht liegt es Dir aber auch besonders, mit Kindern und Jugendlichen in sozialen Schwierigkeiten oder im Bereich Streetwork zu arbeiten? Oder interessiert Dich die Arbeit mit Waisenkindern oder sogar Fl&uuml;chtlingskindern, die ohne famili&auml;re Bezugspersonen nach Deutschland gekommen sind? Je nachdem, wof&uuml;r Dein Herz schl&auml;gt, ist es sinnvoll eine Stelle f&uuml;r das Berufspraktikum in dem angestrebten Bereich zu suchen. Das bietet den Vorteil, dass Du Dich in dem Jahr perfekt auf die sp&auml;tere Berufspraxis vorbereiten kannst. Denn die verschiedenen Bereiche unterscheiden sich sehr stark im wirklichen Arbeitsalltag. Des Weiteren kannst Du w&auml;hrend des Anerkennungsjahrs auch f&uuml;r Dich entscheiden, ob das wirklich der richtige Weg f&uuml;r Dich ist, oder ob Du vielleicht doch besser f&uuml;r einen anderen Zweig als Erzieher geeignet bist. <\/p>\n<\/p>\n<p class=\"highlighted\">\n<p><strong>Dauer, Verk&uuml;rzung und Verg&uuml;tung<\/strong><\/p>\n<\/p>\n<p><p>F&uuml;r gew&ouml;hnlich dauert das Anerkennungsjahr zw&ouml;lf Monate. Der Startzeitpunkt h&auml;ngt vom Bundesland ab, ist aber zwischen dem 1. Juli und dem 1. September anzusiedeln. In seltenen F&auml;llen kann das Berufspraktikum auch in Teilzeit absolviert werden und verl&auml;ngert sich dadurch auf zwei Jahre. Wenn Du vor der Ausbildung zur Erzieherin ein freiwilliges soziales Jahr oder Zivildienst absolviert hast oder eigene Kinder gro&szlig;gezogen hast ist es denkbar, das Anerkennungsjahr auf sechs Monate zu verk&uuml;rzen. Mit einem sehr guten Notendurchschnitt bei der Abschlusspr&uuml;fung zur Erzieherin und einer erfolgreich abgeschlossenen Ausbildung zur staatlich gepr&uuml;ften Kinderpflegerin oder staatlich gepr&uuml;ften Erziehungshelferin, besteht unter Umst&auml;nden sogar die M&ouml;glichkeit, dass das Berufspraktikum ganz entf&auml;llt. In manchen Bundesl&auml;ndern ist das praktische Jahr Teil der schulischen Ausbildung. <\/p>\n<\/p>\n<p><p>Genaueres dazu kann Dir das Schulamt, die Arbeitsagentur oder die Fachschule, an der Du Deine Ausbildung absolvierst, sagen. Trotz der M&ouml;glichkeiten der Verk&uuml;rzung, bestehen jedoch viele Stellen darauf, dass ein ganzes Jahr absolviert wird. Anderenfalls entf&auml;llt die Verg&uuml;tung. Da es sich bei dem Anerkennungsjahr um ein Praktikum mit vorhergehender, abgeschlossener Ausbildung handelt, und Du voll eingesetzt wirst, liegt der Anspruch auf Bezahlung laut der Tarifgemeinschaft deutscher L&auml;nder bei einer 40 Stunden Woche bei 1623,54 &euro; im Monat, Stand von 2019. Im &ouml;ffentlichen Dienst gilt f&uuml;r das Anerkennungsjahr der Tarifvertrag f&uuml;r Praktikantinnen\/ Praktikanten des &ouml;ffentlichen Dienstes (TVP&ouml;D). Die meisten nicht &ouml;ffentlichen Tr&auml;ger lehnen das Entgelt an diesen Tarifvertrag an.<\/p>\n<\/p>\n<figure><img decoding=\"async\" src=\"https:\/\/yoopies.de\/c\/wp-content\/uploads\/sites\/5\/2019\/07\/7477768bb29cb1a50e1883561832f046fcc9b142-88433.jpg\" \/><figcaption>Bild \u00a9  rawpixel.com \/ Freepik<\/figcaption><\/figure>\n<p class=\"highlighted\">\n<p><strong>Ablauf des Anerkennungsjahrs<\/strong><\/p>\n<\/p>\n<p><p>In Deinem Anerkennungsjahr arbeitest Du eigenverantwortlich und setzt das theoretische Wissen in die Tat um. Dabei steht Dir eine Fachkraft bei allen Fragen und Problemen zur Seite, und hilft Dir dabei, alle Abl&auml;ufe und das angemessene Verhalten in Einzelf&auml;llen zu lernen. Neben der direkten Arbeit mit den Sch&uuml;tzlingen, ist die Arbeit im Team, der Umgang mit den Eltern und Verwaltungsaufgaben Teil des Berufspraktikums. So wird ein guter Einblick in den sp&auml;teren Berufsalltag vermittelt. <\/p>\n<\/p>\n<p><p>W&auml;hrend des Anerkennungsjahrs wirst Du weiterhin von Deiner Fachschule begleitet und erlernst auch weiterhin theoretische Inhalte. Diese werden beispielsweise an einem Tag in der Woche oder im Blockunterricht unterrichtet.<\/p>\n<\/p>\n<p><p>Im t&auml;glichen Arbeitsablauf unterst&uuml;tzt Du die p&auml;dagogischen Fachkr&auml;fte bei allen anstehenden Aufgaben. Daher ist das Berufspraktikum vergleichbar mit der T&auml;tigkeit einer Kinderpflegerin. Dar&uuml;ber hinaus fallen Ausarbeitungen und Praktikumsberichte f&uuml;r die Schule an. Deine p&auml;dagogische Arbeit wird von Deinem Mentor begleitet und Du wirst immer wieder R&uuml;ckmeldungen erhalten, ob Du Dich in Einzelf&auml;llen richtig verhalten hast, welche anderen L&ouml;sungsans&auml;tze es gibt und wie manches besser gehandhabt werden kann. Deine Leistung wird bei regelm&auml;&szlig;ig stattfindenden Lehrerbesuchen beurteilt. F&uuml;r die Zulassung zur Pr&uuml;fung musst Du auch hier am Ende des Praktikums gute Noten vorweisen k&ouml;nnen.<\/p>\n<\/p>\n<p class=\"highlighted\">\n<p><strong>Was ist noch zu beachten?<\/strong><\/p>\n<\/p>\n<p><p>Wenn Du nach der Ausbildung damit lieb&auml;ugelst, in einem anderen Bundesland zu arbeiten, w&auml;re es sinnvoll sich dort vorab schlau zu machen, ob die Ausbildung von Deinem Bundesland dort anerkannt wird. Es kann gut sein, dass Du Dein Anerkennungsjahr dann dort vor Ort absolvieren musst. Vor allem wenn Du in Bundesl&auml;ndern zur Fachschule gehst, in denen es kein zus&auml;tzliches Berufspraktikum gibt. Das Schulamt in Deinem und dem Zielbundesland kann hierzu genauere Auskunft geben. Da die Ausbildung zur staatlich anerkannten Erzieherin in jedem Bundesland anders gehandhabt wird, besteht die M&ouml;glichkeit, dass Du Dich f&uuml;r das Anerkennungsjahr an einer Fachschule in Deinem Wunschbundesland anmelden musst um das Berufspraktikum dort zu absolvieren. Dar&uuml;ber hinaus kann es sein, dass Du Lehrinhalte nachholen musst, da die Lehrpl&auml;ne unter Umst&auml;nden voneinander abweichen. <\/p>\n<\/p>\n<p><p>Als Erzieherin hast Du auf <a href=\"https:\/\/yoopies.de\/kinderbetreuung\">Yoopies <\/a>nat&uuml;rlich die M&ouml;glichkeit Dein Profil einzustellen und Nebenjobs als Babysitter privat anzubieten. Oder Du wagst den Schritt in die Selbstst&auml;ndigkeit Tagesmutter &#8211; mit entsprechender Qualifikation &ndash; oder gr&uuml;ndest eine <a href=\"https:\/\/yoopies.de\/tagesmutter\">Gro&szlig;tagespflege <\/a>mit weiteren Pflegepersonen. Auch hier ist Yoopies an Deiner Seite und hilft Dir Kontakt mit gleichgesinnten Erziehern und potentiellen Kunden aufzunehmen!<\/p>\n<\/p>\n<p><h2><strong>Du suchst nach einer Besch&auml;ftigung im Bereich Kinderbetreuung? Dann registriere dich jetzt kostenlos auf Yoopies und den Job, der zu dir passt!<\/strong><\/h2>\n<\/p>\n<p><a class=\"button\" href=\"https:\/\/yoopies.de\/kinderbetreuung-jobs\">Suche jetzt nach Jobs als Kinderbetreuer\/in <\/a><\/p>\n","protected":false},"excerpt":{"rendered":"<p>Bild \u00a9 Shutterstock Im Anschluss an die schulische Ausbildung zur Erzieherin, die wir in dem &hellip; <\/p>\n","protected":false},"author":10,"featured_media":209,"parent":0,"menu_order":0,"comment_status":"closed","ping_status":"closed","template":"","meta":{"_acf_changed":false,"footnotes":""},"class_list":["post-206","page","type-page","status-publish","has-post-thumbnail","hentry"],"acf":[],"yoast_head":"<!-- This site is optimized with the Yoast SEO plugin v26.9 - https:\/\/yoast.com\/product\/yoast-seo-wordpress\/ -->\n<title>Anerkennungsjahr f\u00fcr Erzieher<\/title>\n<meta name=\"description\" content=\"Alles was du \u00fcber das Anerkennungsjahr f\u00fcr Erzieher wissen musst: Bewerbung, Dauer, Verg\u00fctung und Ablauf\" \/>\n<meta name=\"robots\" content=\"index, follow, max-snippet:-1, max-image-preview:large, max-video-preview:-1\" \/>\n<link rel=\"canonical\" href=\"https:\/\/yoopies.de\/c\/anerkennunsjahr-fuer-erzieher\/\" \/>\n<meta property=\"og:locale\" content=\"de_DE\" \/>\n<meta property=\"og:type\" content=\"article\" \/>\n<meta property=\"og:title\" content=\"Anerkennungsjahr f\u00fcr Erzieher\" \/>\n<meta property=\"og:description\" content=\"Alles was du \u00fcber das Anerkennungsjahr f\u00fcr Erzieher wissen musst: Bewerbung, Dauer, Verg\u00fctung und Ablauf\" \/>\n<meta property=\"og:url\" content=\"https:\/\/yoopies.de\/c\/anerkennunsjahr-fuer-erzieher\/\" \/>\n<meta property=\"og:site_name\" content=\"Yoopies Deutschland\" \/>\n<meta property=\"article:modified_time\" content=\"2025-06-12T08:42:36+00:00\" \/>\n<meta property=\"og:image\" content=\"https:\/\/yoopies.de\/c\/wp-content\/uploads\/sites\/5\/2019\/07\/498229da902c2dbcacb921174e4c2a9c41071759-bigstock-little-child-and-his-mommy-pla-97127324.jpg\" \/>\n\t<meta property=\"og:image:width\" content=\"1200\" \/>\n\t<meta property=\"og:image:height\" content=\"800\" \/>\n\t<meta property=\"og:image:type\" content=\"image\/jpeg\" \/>\n<meta name=\"twitter:card\" content=\"summary_large_image\" \/>\n<meta name=\"twitter:label1\" content=\"Gesch\u00e4tzte Lesezeit\" \/>\n\t<meta name=\"twitter:data1\" content=\"7\u00a0Minuten\" \/>\n<script type=\"application\/ld+json\" class=\"yoast-schema-graph\">{\"@context\":\"https:\/\/schema.org\",\"@graph\":[{\"@type\":\"WebPage\",\"@id\":\"https:\/\/yoopies.de\/c\/anerkennunsjahr-fuer-erzieher\/\",\"url\":\"https:\/\/yoopies.de\/c\/anerkennunsjahr-fuer-erzieher\/\",\"name\":\"Anerkennungsjahr f\u00fcr Erzieher\",\"isPartOf\":{\"@id\":\"https:\/\/yoopies.de\/c\/#website\"},\"primaryImageOfPage\":{\"@id\":\"https:\/\/yoopies.de\/c\/anerkennunsjahr-fuer-erzieher\/#primaryimage\"},\"image\":{\"@id\":\"https:\/\/yoopies.de\/c\/anerkennunsjahr-fuer-erzieher\/#primaryimage\"},\"thumbnailUrl\":\"https:\/\/yoopies.de\/c\/wp-content\/uploads\/sites\/5\/2019\/07\/498229da902c2dbcacb921174e4c2a9c41071759-bigstock-little-child-and-his-mommy-pla-97127324.jpg\",\"datePublished\":\"2019-07-18T12:47:08+00:00\",\"dateModified\":\"2025-06-12T08:42:36+00:00\",\"description\":\"Alles was du \u00fcber das Anerkennungsjahr f\u00fcr Erzieher wissen musst: Bewerbung, Dauer, Verg\u00fctung und Ablauf\",\"breadcrumb\":{\"@id\":\"https:\/\/yoopies.de\/c\/anerkennunsjahr-fuer-erzieher\/#breadcrumb\"},\"inLanguage\":\"de\",\"potentialAction\":[{\"@type\":\"ReadAction\",\"target\":[\"https:\/\/yoopies.de\/c\/anerkennunsjahr-fuer-erzieher\/\"]}]},{\"@type\":\"ImageObject\",\"inLanguage\":\"de\",\"@id\":\"https:\/\/yoopies.de\/c\/anerkennunsjahr-fuer-erzieher\/#primaryimage\",\"url\":\"https:\/\/yoopies.de\/c\/wp-content\/uploads\/sites\/5\/2019\/07\/498229da902c2dbcacb921174e4c2a9c41071759-bigstock-little-child-and-his-mommy-pla-97127324.jpg\",\"contentUrl\":\"https:\/\/yoopies.de\/c\/wp-content\/uploads\/sites\/5\/2019\/07\/498229da902c2dbcacb921174e4c2a9c41071759-bigstock-little-child-and-his-mommy-pla-97127324.jpg\",\"width\":1200,\"height\":800},{\"@type\":\"BreadcrumbList\",\"@id\":\"https:\/\/yoopies.de\/c\/anerkennunsjahr-fuer-erzieher\/#breadcrumb\",\"itemListElement\":[{\"@type\":\"ListItem\",\"position\":1,\"name\":\"Home\",\"item\":\"https:\/\/yoopies.de\/c\/\"},{\"@type\":\"ListItem\",\"position\":2,\"name\":\"Anerkennungsjahr Erzieher\"}]},{\"@type\":\"WebSite\",\"@id\":\"https:\/\/yoopies.de\/c\/#website\",\"url\":\"https:\/\/yoopies.de\/c\/\",\"name\":\"Yoopies Deutschland\",\"description\":\"\",\"potentialAction\":[{\"@type\":\"SearchAction\",\"target\":{\"@type\":\"EntryPoint\",\"urlTemplate\":\"https:\/\/yoopies.de\/c\/?s={search_term_string}\"},\"query-input\":{\"@type\":\"PropertyValueSpecification\",\"valueRequired\":true,\"valueName\":\"search_term_string\"}}],\"inLanguage\":\"de\"}]}<\/script>\n<!-- \/ Yoast SEO plugin. -->","yoast_head_json":{"title":"Anerkennungsjahr f\u00fcr Erzieher","description":"Alles was du \u00fcber das Anerkennungsjahr f\u00fcr Erzieher wissen musst: Bewerbung, Dauer, Verg\u00fctung und Ablauf","robots":{"index":"index","follow":"follow","max-snippet":"max-snippet:-1","max-image-preview":"max-image-preview:large","max-video-preview":"max-video-preview:-1"},"canonical":"https:\/\/yoopies.de\/c\/anerkennunsjahr-fuer-erzieher\/","og_locale":"de_DE","og_type":"article","og_title":"Anerkennungsjahr f\u00fcr Erzieher","og_description":"Alles was du \u00fcber das Anerkennungsjahr f\u00fcr Erzieher wissen musst: Bewerbung, Dauer, Verg\u00fctung und Ablauf","og_url":"https:\/\/yoopies.de\/c\/anerkennunsjahr-fuer-erzieher\/","og_site_name":"Yoopies Deutschland","article_modified_time":"2025-06-12T08:42:36+00:00","og_image":[{"width":1200,"height":800,"url":"https:\/\/yoopies.de\/c\/wp-content\/uploads\/sites\/5\/2019\/07\/498229da902c2dbcacb921174e4c2a9c41071759-bigstock-little-child-and-his-mommy-pla-97127324.jpg","type":"image\/jpeg"}],"twitter_card":"summary_large_image","twitter_misc":{"Gesch\u00e4tzte Lesezeit":"7\u00a0Minuten"},"schema":{"@context":"https:\/\/schema.org","@graph":[{"@type":"WebPage","@id":"https:\/\/yoopies.de\/c\/anerkennunsjahr-fuer-erzieher\/","url":"https:\/\/yoopies.de\/c\/anerkennunsjahr-fuer-erzieher\/","name":"Anerkennungsjahr f\u00fcr Erzieher","isPartOf":{"@id":"https:\/\/yoopies.de\/c\/#website"},"primaryImageOfPage":{"@id":"https:\/\/yoopies.de\/c\/anerkennunsjahr-fuer-erzieher\/#primaryimage"},"image":{"@id":"https:\/\/yoopies.de\/c\/anerkennunsjahr-fuer-erzieher\/#primaryimage"},"thumbnailUrl":"https:\/\/yoopies.de\/c\/wp-content\/uploads\/sites\/5\/2019\/07\/498229da902c2dbcacb921174e4c2a9c41071759-bigstock-little-child-and-his-mommy-pla-97127324.jpg","datePublished":"2019-07-18T12:47:08+00:00","dateModified":"2025-06-12T08:42:36+00:00","description":"Alles was du \u00fcber das Anerkennungsjahr f\u00fcr Erzieher wissen musst: Bewerbung, Dauer, Verg\u00fctung und Ablauf","breadcrumb":{"@id":"https:\/\/yoopies.de\/c\/anerkennunsjahr-fuer-erzieher\/#breadcrumb"},"inLanguage":"de","potentialAction":[{"@type":"ReadAction","target":["https:\/\/yoopies.de\/c\/anerkennunsjahr-fuer-erzieher\/"]}]},{"@type":"ImageObject","inLanguage":"de","@id":"https:\/\/yoopies.de\/c\/anerkennunsjahr-fuer-erzieher\/#primaryimage","url":"https:\/\/yoopies.de\/c\/wp-content\/uploads\/sites\/5\/2019\/07\/498229da902c2dbcacb921174e4c2a9c41071759-bigstock-little-child-and-his-mommy-pla-97127324.jpg","contentUrl":"https:\/\/yoopies.de\/c\/wp-content\/uploads\/sites\/5\/2019\/07\/498229da902c2dbcacb921174e4c2a9c41071759-bigstock-little-child-and-his-mommy-pla-97127324.jpg","width":1200,"height":800},{"@type":"BreadcrumbList","@id":"https:\/\/yoopies.de\/c\/anerkennunsjahr-fuer-erzieher\/#breadcrumb","itemListElement":[{"@type":"ListItem","position":1,"name":"Home","item":"https:\/\/yoopies.de\/c\/"},{"@type":"ListItem","position":2,"name":"Anerkennungsjahr Erzieher"}]},{"@type":"WebSite","@id":"https:\/\/yoopies.de\/c\/#website","url":"https:\/\/yoopies.de\/c\/","name":"Yoopies Deutschland","description":"","potentialAction":[{"@type":"SearchAction","target":{"@type":"EntryPoint","urlTemplate":"https:\/\/yoopies.de\/c\/?s={search_term_string}"},"query-input":{"@type":"PropertyValueSpecification","valueRequired":true,"valueName":"search_term_string"}}],"inLanguage":"de"}]}},"_links":{"self":[{"href":"https:\/\/yoopies.de\/c\/wp-json\/wp\/v2\/pages\/206","targetHints":{"allow":["GET"]}}],"collection":[{"href":"https:\/\/yoopies.de\/c\/wp-json\/wp\/v2\/pages"}],"about":[{"href":"https:\/\/yoopies.de\/c\/wp-json\/wp\/v2\/types\/page"}],"author":[{"embeddable":true,"href":"https:\/\/yoopies.de\/c\/wp-json\/wp\/v2\/users\/10"}],"replies":[{"embeddable":true,"href":"https:\/\/yoopies.de\/c\/wp-json\/wp\/v2\/comments?post=206"}],"version-history":[{"count":1,"href":"https:\/\/yoopies.de\/c\/wp-json\/wp\/v2\/pages\/206\/revisions"}],"predecessor-version":[{"id":210,"href":"https:\/\/yoopies.de\/c\/wp-json\/wp\/v2\/pages\/206\/revisions\/210"}],"wp:featuredmedia":[{"embeddable":true,"href":"https:\/\/yoopies.de\/c\/wp-json\/wp\/v2\/media\/209"}],"wp:attachment":[{"href":"https:\/\/yoopies.de\/c\/wp-json\/wp\/v2\/media?parent=206"}],"curies":[{"name":"wp","href":"https:\/\/api.w.org\/{rel}","templated":true}]}}