{"id":114,"date":"2022-07-20T15:38:24","date_gmt":"2022-07-20T15:38:24","guid":{"rendered":"https:\/\/blog.yoopies.de\/50-aktivitaten-mit-kindern-fur-die-sommerferien\/"},"modified":"2025-06-12T08:42:36","modified_gmt":"2025-06-12T08:42:36","slug":"50-aktivitaten-mit-kindern-fur-die-sommerferien","status":"publish","type":"page","link":"https:\/\/yoopies.de\/c\/50-aktivitaten-mit-kindern-fur-die-sommerferien\/","title":{"rendered":"50 Aktivit\u00e4ten mit Kindern in den Sommerferien"},"content":{"rendered":"<p><p class=\"block-img\"><img decoding=\"async\" src=\"https:\/\/yoopies.de\/c\/wp-content\/uploads\/sites\/5\/2022\/07\/a968eb65-f103-4b1e-acc5-9cc34f02f6ff_Kidssummer6.jpg\" alt=\"\"><\/p>\n<p>Die Sommerferien k&ouml;nnen f&uuml;r Eltern sehr anstrengend und kostspielig sein. Eine gute M&ouml;glichkeit, seine Kinder zu besch&auml;ftigen und sich selbst bei Laune zu halten, ist die Suche nach preiswerten oder kostenlosen Aktivit&auml;ten f&uuml;r Kinder.&nbsp; Hier sind 50 Vorschl&auml;ge, wie man Kinder besch&auml;ftigen und unterhalten kann.<\/p>\n<\/p>\n<p><h3><strong>Unsere Top 10<\/strong><\/h3>\n<p><strong>1. Steine bemalen:<\/strong> Ob Fisch, Vogel, Puppe oder Stern, hier k&ouml;nnen die Kleinen ihrer Fantasie freien Lauf lassen und die Steine mit lustigen Motiven bemalen. Ihr k&ouml;nnt nat&uuml;rlich helfen und anschliessend gemeinsam passende Geschichten zu den entstandenen Motiven erfinden.<\/p>\n<p><strong>2. Eine oder mehrere Postkarten schreiben und versenden: <\/strong>Mann muss nicht ins Ausland reisen um jemandem eine Postkarte zu senden. Auch im digitalen Zeitalter gibt es noch Freunde und Verwandte , die sich &uuml;ber eine selbst ausgesuchte Postkarte und ein paar liebe Worte freuen.<\/p>\n<p><strong>3. Selbst gemachtes Plastilin:<\/strong> Mit den Kleinsten macht das Modellieren mit selbst gemachtem Plastilin am meisten Spa&szlig;.&nbsp; Bei den &Auml;lteren kann man sich auch an Ton oder Salzteig wagen und die Kunstwerke anschlie&szlig;end im Backofen trocknen. Hier findet ihr 2 Rezepte f&uuml;r die Herstellung von Plastilin und Salzteig.<\/p>\n<p><strong>4. Ein T-Shirt verzieren: <\/strong>Mit Stoffmalfarben, Schere, Garn, Perlen, B&auml;ndern und Kn&ouml;pfen erweckt man alte Kleidung zu neuem Leben.&nbsp;<\/p>\n<p><strong>5. Pizza und Filme: <\/strong>Der Hit f&uuml;r alle Altersgruppen: Ihr k&ouml;nnt die Pizza selbst machen. Vom Teig bis zur Tomatenso&szlig;e und anschlie&szlig;end mit allen Lieblingszutaten belegen. W&auml;hrend die Pizza im Ofen backt, k&ouml;nnt ihr schon mit eurem Lieblingsfilm beginnen<\/p>\n<p class=\"block-img\"><img decoding=\"async\" src=\"https:\/\/yoopies.de\/c\/wp-content\/uploads\/sites\/5\/2022\/07\/28a548b2-0a1c-4702-b57d-b028e0ac9621_Kidssummer10.jpg\" alt=\"\"><\/p>\n<\/p>\n<p><p><strong>6. Pyjamaparty<\/strong>: Zur Pyjamaparty k&ouml;nnen die besten Freunde eingeladen werden. Auch hier sind der Fantasie keine Grenzen gesetzt. Ob Verstecken Spielen im Haus oder Garten, Brettspiele oder kneten mit selbst gemachtem Plastilin. Die Pyjamaparty klingt &uuml;brigens hervorragend mit selbst gemachter Pizza und Lieblingsfilm aus :).<\/p>\n<p><strong>7. Einen Garten anlegen:<\/strong> Auf diese Weise k&ouml;nnen Kinder sehr gut ihre F&auml;higkeiten trainieren. Wenn ihr Platz habt, k&ouml;nnt ihr eure Kinder Obstb&auml;ume, Gem&uuml;se oder Blumen pflanzen lassen. F&uuml;r kleinere G&auml;rten oder Wohnungen k&ouml;nnen viele dieser Pflanzen sogar in K&uuml;beln gezogen werden! Lasst eure Kinder bei der Auswahl der Pflanzen mitwirken und &uuml;berlasst ihnen auch die Verantwortung f&uuml;r das J&auml;ten, Gie&szlig;en und andere Aufgaben.<\/p>\n<p><strong>8. Erinnerungstafel vom Sommer<\/strong>: Besorgt euch eine gro&szlig;e Pinnwand, auf der die Kinder alle Erinnerungen an den Sommer befestigen k&ouml;nnen.Fotos, Bl&auml;tter, Blumen, Eintrittskarten vom Freibad oder Museum.<\/p>\n<p><strong>9. Spieletag<\/strong>: F&uuml;r den Fall, dass das Wetter einmal nicht mitspielt, ist eine Spieletag mit Brettspielen oder Karten eine hervorragende Option um die Racker bei Laune zu halten. Monopoly, Activity und Pictionary f&uuml;r die schon etwas &auml;lteren, oder Mensch &auml;rgere dich nicht, Uno und Schwarzer Peter f&uuml;r die noch kleineren Kinder.<\/p>\n<p><strong>10. Besuch im Freibad oder am Baggersee:<\/strong> Verabredet euch mit den Eltern der besten Freunde zu einem Badeausflug. So sind die Kleinen besch&auml;ftigt und ihr habt auch die M&ouml;glichkeit den Tag zu geniessen.<\/p>\n<p class=\"block-img\"><img decoding=\"async\" src=\"https:\/\/yoopies.de\/c\/wp-content\/uploads\/sites\/5\/2022\/07\/163ced42-6409-487c-b11d-8e28ddd0eeb3_Kidssummer5.jpg\" alt=\"\"><\/p>\n<\/p>\n<p><p>11. Eine neue Sprache lernen<\/p>\n<p>12. Tags&uuml;ber Verstecken spielen<\/p>\n<p>13. Gl&uuml;hw&uuml;rmchen beobachten<\/p>\n<p>14. Organisation eines Flohmarkts (hilf den Kindern, Dinge loszuwerden, die sie nicht mehr brauchen)<\/p>\n<p>15. Herstellung von Halsketten\/Perlen<\/p>\n<p>16. Geschichten am Lagerfeuer erz&auml;hlen<\/p>\n<p>17. Entdeckt alle Spielpl&auml;tze eurer Stadt<\/p>\n<p>18. Blumen pfl&uuml;cken und Blumenstr&auml;usse machen<\/p>\n<p>19. Organisation einer Schatzsuche<\/p>\n<p>20. Selbstgemachte Seifen herstellen<\/p>\n<p class=\"block-img\"><img decoding=\"async\" src=\"https:\/\/yoopies.de\/c\/wp-content\/uploads\/sites\/5\/2022\/07\/68e3e172-0e07-4cf8-8310-9df348ce35c2_Kidssummer2.jpg\" alt=\"\"><\/p>\n<p>21. Eine Stadt aus Legosteinen bauen<\/p>\n<p>22. Eine Fahrradtour mit der Familie <\/p>\n<p>23. Lernen, einen Drachen steigen zu lassen<\/p>\n<p>24. Ein Zelt im Garten aufstellen, um eine Nacht zu zelten<\/p>\n<p>25. Einen Limonadenstand aufstellen und Limonade an die Nachbarn verkaufen<\/p>\n<p>26. Den Rasensprenger einschalten und im Garten spielen<\/p>\n<p>27. Eine Bibliothek besuchen und B&uuml;cher ausleihen<\/p>\n<p>28. Ein Picknick machen<\/p>\n<p>29. Eiscreme zu Hause herstellen<\/p>\n<p>30. Kekse backen<\/p>\n<p class=\"block-img\"><img decoding=\"async\" src=\"https:\/\/yoopies.de\/c\/wp-content\/uploads\/sites\/5\/2022\/07\/723df7b0-4dce-4cb3-b553-41249136f632_Kidssummer11.jpg\" alt=\"\"><\/p>\n<p>31. Besucht ein Museum (oder zwei!)<\/p>\n<p>32. Seifenblasen machen<\/p>\n<p>33. Wasserrutschen im Garten mit einem Rasensprenger und gro&szlig;en M&uuml;lls&auml;cken auf dem Rasen aufstellen<\/p>\n<p>34. Malen von Kreidebildern im Innenhof oder auf dem Gehsteig<\/p>\n<p>35. Bemalen von leeren Leinw&auml;nden<\/p>\n<p>36. Wasserballonschlacht<\/p>\n<p>37. Seilspringen<\/p>\n<p>38. Fischen gehen<\/p>\n<p>39. Mit dem Zug reisen<\/p>\n<p>40. Tanzen im Regen<\/p>\n<p class=\"block-img\"><img decoding=\"async\" src=\"https:\/\/yoopies.de\/c\/wp-content\/uploads\/sites\/5\/2022\/07\/0f32d75d-d6a7-4c87-b8b8-edcf851bc438_childrensummer12.jpg\" alt=\"\"><\/p>\n<p>41. Besuch eines Stra&szlig;enmarktes<\/p>\n<p>42. Boot fahren<\/p>\n<p>43. Macht eine Sightseeing-Tour durch eure Stadt<\/p>\n<p>44. Mit leeren Pappkartons eine Festung bauen<\/p>\n<p>45. Macht ein Puzzle mit &uuml;ber 1.000 Teilen<\/p>\n<p>46. Jonglieren lernen<\/p>\n<p>47. Bau eines Baumhauses<\/p>\n<p>48. Schreiben und Illustrieren einer Geschichte<\/p>\n<p>49. Beobachten und Studieren von Insekten<\/p>\n<p>50. Besuch auf einem Bauernhof<\/p>\n<p class=\"block-img\"><img decoding=\"async\" src=\"https:\/\/yoopies.de\/c\/wp-content\/uploads\/sites\/5\/2022\/07\/ff9a7f65-9a2a-4901-95ba-ffd3a800235b_kidssummer13.jpg\" alt=\"\"><\/p>\n<\/p>\n<p class=\"highlighted\">\n<p>Wir hoffen es ist etwas f&uuml;r euch dabei und w&uuml;nschen allen Eltern und Kindern erholsame und entspannte Sommerferien!<\/p><\/p>\n","protected":false},"excerpt":{"rendered":"<p>Die Sommerferien k&ouml;nnen f&uuml;r Eltern sehr anstrengend und kostspielig sein. Eine gute M&ouml;glichkeit, seine Kinder &hellip; <\/p>\n","protected":false},"author":10,"featured_media":122,"parent":0,"menu_order":0,"comment_status":"closed","ping_status":"closed","template":"","meta":{"_acf_changed":false,"footnotes":""},"class_list":["post-114","page","type-page","status-publish","has-post-thumbnail","hentry"],"acf":[],"yoast_head":"<!-- This site is optimized with the Yoast SEO plugin v26.9 - https:\/\/yoast.com\/product\/yoast-seo-wordpress\/ -->\n<title>50 Aktivit\u00e4ten mit Kindern in den Sommerferien<\/title>\n<meta name=\"description\" content=\"Wie man seine Kinder in den Sommerferien besch\u00e4ftigt. Entdecke 50 Aktivit\u00e4ten auf Yoopies die Gross und Klein Spass machen.\" \/>\n<meta name=\"robots\" content=\"index, follow, max-snippet:-1, max-image-preview:large, max-video-preview:-1\" \/>\n<link rel=\"canonical\" href=\"https:\/\/yoopies.de\/c\/50-aktivitaten-mit-kindern-fur-die-sommerferien\/\" \/>\n<meta property=\"og:locale\" content=\"de_DE\" \/>\n<meta property=\"og:type\" content=\"article\" \/>\n<meta property=\"og:title\" content=\"50 Aktivit\u00e4ten mit Kindern in den Sommerferien\" \/>\n<meta property=\"og:description\" content=\"Wie man seine Kinder in den Sommerferien besch\u00e4ftigt. Entdecke 50 Aktivit\u00e4ten auf Yoopies die Gross und Klein Spass machen.\" \/>\n<meta property=\"og:url\" content=\"https:\/\/yoopies.de\/c\/50-aktivitaten-mit-kindern-fur-die-sommerferien\/\" \/>\n<meta property=\"og:site_name\" content=\"Yoopies Deutschland\" \/>\n<meta property=\"article:modified_time\" content=\"2025-06-12T08:42:36+00:00\" \/>\n<meta property=\"og:image\" content=\"https:\/\/yoopies.de\/c\/wp-content\/uploads\/sites\/5\/2022\/07\/163ced42-6409-487c-b11d-8e28ddd0eeb3-kidssummer5.jpg\" \/>\n\t<meta property=\"og:image:width\" content=\"1200\" \/>\n\t<meta property=\"og:image:height\" content=\"798\" \/>\n\t<meta property=\"og:image:type\" content=\"image\/jpeg\" \/>\n<meta name=\"twitter:card\" content=\"summary_large_image\" \/>\n<meta name=\"twitter:label1\" content=\"Gesch\u00e4tzte Lesezeit\" \/>\n\t<meta name=\"twitter:data1\" content=\"4\u00a0Minuten\" \/>\n<script type=\"application\/ld+json\" class=\"yoast-schema-graph\">{\"@context\":\"https:\/\/schema.org\",\"@graph\":[{\"@type\":\"WebPage\",\"@id\":\"https:\/\/yoopies.de\/c\/50-aktivitaten-mit-kindern-fur-die-sommerferien\/\",\"url\":\"https:\/\/yoopies.de\/c\/50-aktivitaten-mit-kindern-fur-die-sommerferien\/\",\"name\":\"50 Aktivit\u00e4ten mit Kindern in den Sommerferien\",\"isPartOf\":{\"@id\":\"https:\/\/yoopies.de\/c\/#website\"},\"primaryImageOfPage\":{\"@id\":\"https:\/\/yoopies.de\/c\/50-aktivitaten-mit-kindern-fur-die-sommerferien\/#primaryimage\"},\"image\":{\"@id\":\"https:\/\/yoopies.de\/c\/50-aktivitaten-mit-kindern-fur-die-sommerferien\/#primaryimage\"},\"thumbnailUrl\":\"https:\/\/yoopies.de\/c\/wp-content\/uploads\/sites\/5\/2022\/07\/163ced42-6409-487c-b11d-8e28ddd0eeb3-kidssummer5.jpg\",\"datePublished\":\"2022-07-20T15:38:24+00:00\",\"dateModified\":\"2025-06-12T08:42:36+00:00\",\"description\":\"Wie man seine Kinder in den Sommerferien besch\u00e4ftigt. Entdecke 50 Aktivit\u00e4ten auf Yoopies die Gross und Klein Spass machen.\",\"breadcrumb\":{\"@id\":\"https:\/\/yoopies.de\/c\/50-aktivitaten-mit-kindern-fur-die-sommerferien\/#breadcrumb\"},\"inLanguage\":\"de\",\"potentialAction\":[{\"@type\":\"ReadAction\",\"target\":[\"https:\/\/yoopies.de\/c\/50-aktivitaten-mit-kindern-fur-die-sommerferien\/\"]}]},{\"@type\":\"ImageObject\",\"inLanguage\":\"de\",\"@id\":\"https:\/\/yoopies.de\/c\/50-aktivitaten-mit-kindern-fur-die-sommerferien\/#primaryimage\",\"url\":\"https:\/\/yoopies.de\/c\/wp-content\/uploads\/sites\/5\/2022\/07\/163ced42-6409-487c-b11d-8e28ddd0eeb3-kidssummer5.jpg\",\"contentUrl\":\"https:\/\/yoopies.de\/c\/wp-content\/uploads\/sites\/5\/2022\/07\/163ced42-6409-487c-b11d-8e28ddd0eeb3-kidssummer5.jpg\",\"width\":1200,\"height\":798},{\"@type\":\"BreadcrumbList\",\"@id\":\"https:\/\/yoopies.de\/c\/50-aktivitaten-mit-kindern-fur-die-sommerferien\/#breadcrumb\",\"itemListElement\":[{\"@type\":\"ListItem\",\"position\":1,\"name\":\"Home\",\"item\":\"https:\/\/yoopies.de\/c\/\"},{\"@type\":\"ListItem\",\"position\":2,\"name\":\"50 Aktivit\u00e4ten mit Kindern in den Sommerferien\"}]},{\"@type\":\"WebSite\",\"@id\":\"https:\/\/yoopies.de\/c\/#website\",\"url\":\"https:\/\/yoopies.de\/c\/\",\"name\":\"Yoopies Deutschland\",\"description\":\"\",\"potentialAction\":[{\"@type\":\"SearchAction\",\"target\":{\"@type\":\"EntryPoint\",\"urlTemplate\":\"https:\/\/yoopies.de\/c\/?s={search_term_string}\"},\"query-input\":{\"@type\":\"PropertyValueSpecification\",\"valueRequired\":true,\"valueName\":\"search_term_string\"}}],\"inLanguage\":\"de\"}]}<\/script>\n<!-- \/ Yoast SEO plugin. -->","yoast_head_json":{"title":"50 Aktivit\u00e4ten mit Kindern in den Sommerferien","description":"Wie man seine Kinder in den Sommerferien besch\u00e4ftigt. Entdecke 50 Aktivit\u00e4ten auf Yoopies die Gross und Klein Spass machen.","robots":{"index":"index","follow":"follow","max-snippet":"max-snippet:-1","max-image-preview":"max-image-preview:large","max-video-preview":"max-video-preview:-1"},"canonical":"https:\/\/yoopies.de\/c\/50-aktivitaten-mit-kindern-fur-die-sommerferien\/","og_locale":"de_DE","og_type":"article","og_title":"50 Aktivit\u00e4ten mit Kindern in den Sommerferien","og_description":"Wie man seine Kinder in den Sommerferien besch\u00e4ftigt. Entdecke 50 Aktivit\u00e4ten auf Yoopies die Gross und Klein Spass machen.","og_url":"https:\/\/yoopies.de\/c\/50-aktivitaten-mit-kindern-fur-die-sommerferien\/","og_site_name":"Yoopies Deutschland","article_modified_time":"2025-06-12T08:42:36+00:00","og_image":[{"width":1200,"height":798,"url":"https:\/\/yoopies.de\/c\/wp-content\/uploads\/sites\/5\/2022\/07\/163ced42-6409-487c-b11d-8e28ddd0eeb3-kidssummer5.jpg","type":"image\/jpeg"}],"twitter_card":"summary_large_image","twitter_misc":{"Gesch\u00e4tzte Lesezeit":"4\u00a0Minuten"},"schema":{"@context":"https:\/\/schema.org","@graph":[{"@type":"WebPage","@id":"https:\/\/yoopies.de\/c\/50-aktivitaten-mit-kindern-fur-die-sommerferien\/","url":"https:\/\/yoopies.de\/c\/50-aktivitaten-mit-kindern-fur-die-sommerferien\/","name":"50 Aktivit\u00e4ten mit Kindern in den Sommerferien","isPartOf":{"@id":"https:\/\/yoopies.de\/c\/#website"},"primaryImageOfPage":{"@id":"https:\/\/yoopies.de\/c\/50-aktivitaten-mit-kindern-fur-die-sommerferien\/#primaryimage"},"image":{"@id":"https:\/\/yoopies.de\/c\/50-aktivitaten-mit-kindern-fur-die-sommerferien\/#primaryimage"},"thumbnailUrl":"https:\/\/yoopies.de\/c\/wp-content\/uploads\/sites\/5\/2022\/07\/163ced42-6409-487c-b11d-8e28ddd0eeb3-kidssummer5.jpg","datePublished":"2022-07-20T15:38:24+00:00","dateModified":"2025-06-12T08:42:36+00:00","description":"Wie man seine Kinder in den Sommerferien besch\u00e4ftigt. Entdecke 50 Aktivit\u00e4ten auf Yoopies die Gross und Klein Spass machen.","breadcrumb":{"@id":"https:\/\/yoopies.de\/c\/50-aktivitaten-mit-kindern-fur-die-sommerferien\/#breadcrumb"},"inLanguage":"de","potentialAction":[{"@type":"ReadAction","target":["https:\/\/yoopies.de\/c\/50-aktivitaten-mit-kindern-fur-die-sommerferien\/"]}]},{"@type":"ImageObject","inLanguage":"de","@id":"https:\/\/yoopies.de\/c\/50-aktivitaten-mit-kindern-fur-die-sommerferien\/#primaryimage","url":"https:\/\/yoopies.de\/c\/wp-content\/uploads\/sites\/5\/2022\/07\/163ced42-6409-487c-b11d-8e28ddd0eeb3-kidssummer5.jpg","contentUrl":"https:\/\/yoopies.de\/c\/wp-content\/uploads\/sites\/5\/2022\/07\/163ced42-6409-487c-b11d-8e28ddd0eeb3-kidssummer5.jpg","width":1200,"height":798},{"@type":"BreadcrumbList","@id":"https:\/\/yoopies.de\/c\/50-aktivitaten-mit-kindern-fur-die-sommerferien\/#breadcrumb","itemListElement":[{"@type":"ListItem","position":1,"name":"Home","item":"https:\/\/yoopies.de\/c\/"},{"@type":"ListItem","position":2,"name":"50 Aktivit\u00e4ten mit Kindern in den Sommerferien"}]},{"@type":"WebSite","@id":"https:\/\/yoopies.de\/c\/#website","url":"https:\/\/yoopies.de\/c\/","name":"Yoopies Deutschland","description":"","potentialAction":[{"@type":"SearchAction","target":{"@type":"EntryPoint","urlTemplate":"https:\/\/yoopies.de\/c\/?s={search_term_string}"},"query-input":{"@type":"PropertyValueSpecification","valueRequired":true,"valueName":"search_term_string"}}],"inLanguage":"de"}]}},"_links":{"self":[{"href":"https:\/\/yoopies.de\/c\/wp-json\/wp\/v2\/pages\/114","targetHints":{"allow":["GET"]}}],"collection":[{"href":"https:\/\/yoopies.de\/c\/wp-json\/wp\/v2\/pages"}],"about":[{"href":"https:\/\/yoopies.de\/c\/wp-json\/wp\/v2\/types\/page"}],"author":[{"embeddable":true,"href":"https:\/\/yoopies.de\/c\/wp-json\/wp\/v2\/users\/10"}],"replies":[{"embeddable":true,"href":"https:\/\/yoopies.de\/c\/wp-json\/wp\/v2\/comments?post=114"}],"version-history":[{"count":1,"href":"https:\/\/yoopies.de\/c\/wp-json\/wp\/v2\/pages\/114\/revisions"}],"predecessor-version":[{"id":123,"href":"https:\/\/yoopies.de\/c\/wp-json\/wp\/v2\/pages\/114\/revisions\/123"}],"wp:featuredmedia":[{"embeddable":true,"href":"https:\/\/yoopies.de\/c\/wp-json\/wp\/v2\/media\/122"}],"wp:attachment":[{"href":"https:\/\/yoopies.de\/c\/wp-json\/wp\/v2\/media?parent=114"}],"curies":[{"name":"wp","href":"https:\/\/api.w.org\/{rel}","templated":true}]}}